{"id":2923,"date":"2024-10-04T10:19:20","date_gmt":"2024-10-04T10:19:20","guid":{"rendered":"https:\/\/koitik.lt\/akvariumai\/?post_type=product&#038;p=2923"},"modified":"2024-11-04T08:24:40","modified_gmt":"2024-11-04T08:24:40","slug":"akvariumo-dekoracijos-komplektas-30l-ruduo","status":"publish","type":"product","link":"https:\/\/koitik.lt\/akvariumai\/produktas\/akvariumo-dekoracijos-komplektas-30l-ruduo\/","title":{"rendered":"Akvariumo dekoracijos komplektas 30L (Ruduo)"},"content":{"rendered":"","protected":false},"excerpt":{"rendered":"<p><strong>Apie produkt\u0105:<\/strong><\/p>\n<ul class=\"wp-block-list\">\n<li><strong>Akvariumo dekoracijos komplektas 30L (Ruduo)<\/strong> yra sukomplektuotas taip, kad viskas der\u0117t\u0173 tarpusavyje, tod\u0117l paprasta papuo\u0161ti biOrb akvarium\u0105.<\/li>\n<li>Visos biOrb dekoracijos yra lengvai valomos ir suderinamos su g\u0117lavandeniais, tropiniais ir s\u016braus vandens akvariumais.<\/li>\n<\/ul>\n","protected":false},"featured_media":2924,"comment_status":"open","ping_status":"closed","template":"","meta":{"_gspb_post_css":""},"product_brand":[148,149],"product_cat":[110,226],"product_tag":[],"class_list":{"0":"post-2923","1":"product","2":"type-product","3":"status-publish","4":"has-post-thumbnail","6":"product_brand-biorb","7":"product_brand-oase","8":"product_cat-dekoracijos","9":"product_cat-komplektai","10":"product_shipping_class-telpa","12":"first","13":"onbackorder","14":"taxable","15":"shipping-taxable","16":"purchasable","17":"product-type-simple"},"ct_brands":[{"id":148,"name":"biOrb","slug":"biorb"},{"id":149,"name":"OASE","slug":"oase"}],"yoast_head":"<!-- This site is optimized with the Yoast SEO plugin v27.3 - https:\/\/yoast.com\/product\/yoast-seo-wordpress\/ -->\n<title>Akvariumo dekoracijos komplektas 30L (Ruduo) - Akvariumai namams<\/title>\n<meta name=\"description\" content=\"Akvariumo dekoracijos komplektas 30L (Ruduo) yra sukomplektuotas taip, kad viskas der\u0117t\u0173 tarpusavyje, tod\u0117l paprasta papuo\u0161ti biOrb akvarium\u0105.\" \/>\n<meta name=\"robots\" content=\"index, follow, max-snippet:-1, max-image-preview:large, max-video-preview:-1\" \/>\n<link rel=\"canonical\" href=\"https:\/\/koitik.lt\/akvariumai\/produktas\/akvariumo-dekoracijos-komplektas-30l-ruduo\/\" \/>\n<meta property=\"og:locale\" content=\"lt_LT\" \/>\n<meta property=\"og:type\" content=\"article\" \/>\n<meta property=\"og:title\" content=\"Akvariumo dekoracijos komplektas 30L (Ruduo) - Akvariumai namams\" \/>\n<meta property=\"og:description\" content=\"Akvariumo dekoracijos komplektas 30L (Ruduo) yra sukomplektuotas taip, kad viskas der\u0117t\u0173 tarpusavyje, tod\u0117l paprasta papuo\u0161ti biOrb akvarium\u0105.\" \/>\n<meta property=\"og:url\" content=\"https:\/\/koitik.lt\/akvariumai\/produktas\/akvariumo-dekoracijos-komplektas-30l-ruduo\/\" \/>\n<meta property=\"og:site_name\" content=\"Akvariumai namams\" \/>\n<meta property=\"article:publisher\" content=\"https:\/\/www.facebook.com\/koitik.akvariumai\" \/>\n<meta property=\"article:modified_time\" content=\"2024-11-04T08:24:40+00:00\" \/>\n<meta property=\"og:image\" content=\"https:\/\/koitik.lt\/akvariumai\/wp-content\/uploads\/2024\/10\/Akvariumo-dekoracijos-Ruduo-30-1.webp\" \/>\n\t<meta property=\"og:image:width\" content=\"1260\" \/>\n\t<meta property=\"og:image:height\" content=\"1260\" \/>\n\t<meta property=\"og:image:type\" content=\"image\/webp\" \/>\n<meta name=\"twitter:card\" content=\"summary_large_image\" \/>\n<meta name=\"twitter:label1\" content=\"Est. reading time\" \/>\n\t<meta name=\"twitter:data1\" content=\"1 minut\u0117\" \/>\n<script type=\"application\/ld+json\" class=\"yoast-schema-graph\">{\"@context\":\"https:\\\/\\\/schema.org\",\"@graph\":[{\"@type\":[\"WebPage\",\"ItemPage\"],\"@id\":\"https:\\\/\\\/koitik.lt\\\/akvariumai\\\/produktas\\\/akvariumo-dekoracijos-komplektas-30l-ruduo\\\/\",\"url\":\"https:\\\/\\\/koitik.lt\\\/akvariumai\\\/produktas\\\/akvariumo-dekoracijos-komplektas-30l-ruduo\\\/\",\"name\":\"Akvariumo dekoracijos komplektas 30L (Ruduo) - Akvariumai namams\",\"isPartOf\":{\"@id\":\"https:\\\/\\\/koitik.lt\\\/akvariumai\\\/#website\"},\"primaryImageOfPage\":{\"@id\":\"https:\\\/\\\/koitik.lt\\\/akvariumai\\\/produktas\\\/akvariumo-dekoracijos-komplektas-30l-ruduo\\\/#primaryimage\"},\"image\":{\"@id\":\"https:\\\/\\\/koitik.lt\\\/akvariumai\\\/produktas\\\/akvariumo-dekoracijos-komplektas-30l-ruduo\\\/#primaryimage\"},\"thumbnailUrl\":\"https:\\\/\\\/koitik.lt\\\/akvariumai\\\/wp-content\\\/uploads\\\/2024\\\/10\\\/Akvariumo-dekoracijos-Ruduo-30-1.webp\",\"datePublished\":\"2024-10-04T10:19:20+00:00\",\"dateModified\":\"2024-11-04T08:24:40+00:00\",\"description\":\"Akvariumo dekoracijos komplektas 30L (Ruduo) yra sukomplektuotas taip, kad viskas der\u0117t\u0173 tarpusavyje, tod\u0117l paprasta papuo\u0161ti biOrb akvarium\u0105.\",\"breadcrumb\":{\"@id\":\"https:\\\/\\\/koitik.lt\\\/akvariumai\\\/produktas\\\/akvariumo-dekoracijos-komplektas-30l-ruduo\\\/#breadcrumb\"},\"inLanguage\":\"lt-LT\",\"potentialAction\":[{\"@type\":\"ReadAction\",\"target\":[\"https:\\\/\\\/koitik.lt\\\/akvariumai\\\/produktas\\\/akvariumo-dekoracijos-komplektas-30l-ruduo\\\/\"]}]},{\"@type\":\"ImageObject\",\"inLanguage\":\"lt-LT\",\"@id\":\"https:\\\/\\\/koitik.lt\\\/akvariumai\\\/produktas\\\/akvariumo-dekoracijos-komplektas-30l-ruduo\\\/#primaryimage\",\"url\":\"https:\\\/\\\/koitik.lt\\\/akvariumai\\\/wp-content\\\/uploads\\\/2024\\\/10\\\/Akvariumo-dekoracijos-Ruduo-30-1.webp\",\"contentUrl\":\"https:\\\/\\\/koitik.lt\\\/akvariumai\\\/wp-content\\\/uploads\\\/2024\\\/10\\\/Akvariumo-dekoracijos-Ruduo-30-1.webp\",\"width\":1260,\"height\":1260,\"caption\":\"Akvariumo dekoracijos komplektas Ruduo\"},{\"@type\":\"BreadcrumbList\",\"@id\":\"https:\\\/\\\/koitik.lt\\\/akvariumai\\\/produktas\\\/akvariumo-dekoracijos-komplektas-30l-ruduo\\\/#breadcrumb\",\"itemListElement\":[{\"@type\":\"ListItem\",\"position\":1,\"name\":\"Namai\",\"item\":\"https:\\\/\\\/koitik.lt\\\/akvariumai\\\/\"},{\"@type\":\"ListItem\",\"position\":2,\"name\":\"Parduotuv\u0117\",\"item\":\"https:\\\/\\\/koitik.lt\\\/akvariumai\\\/parduotuve\\\/\"},{\"@type\":\"ListItem\",\"position\":3,\"name\":\"Dekoracijos\",\"item\":\"https:\\\/\\\/koitik.lt\\\/akvariumai\\\/produkto-kategorija\\\/dekoracijos\\\/\"},{\"@type\":\"ListItem\",\"position\":4,\"name\":\"Komplektai\",\"item\":\"https:\\\/\\\/koitik.lt\\\/akvariumai\\\/produkto-kategorija\\\/dekoracijos\\\/komplektai\\\/\"},{\"@type\":\"ListItem\",\"position\":5,\"name\":\"Akvariumo dekoracijos komplektas 30L (Ruduo)\"}]},{\"@type\":\"WebSite\",\"@id\":\"https:\\\/\\\/koitik.lt\\\/akvariumai\\\/#website\",\"url\":\"https:\\\/\\\/koitik.lt\\\/akvariumai\\\/\",\"name\":\"koitik\",\"description\":\"Akvariumai\",\"publisher\":{\"@id\":\"https:\\\/\\\/koitik.lt\\\/akvariumai\\\/#organization\"},\"potentialAction\":[{\"@type\":\"SearchAction\",\"target\":{\"@type\":\"EntryPoint\",\"urlTemplate\":\"https:\\\/\\\/koitik.lt\\\/akvariumai\\\/?s={search_term_string}\"},\"query-input\":{\"@type\":\"PropertyValueSpecification\",\"valueRequired\":true,\"valueName\":\"search_term_string\"}}],\"inLanguage\":\"lt-LT\"},{\"@type\":\"Organization\",\"@id\":\"https:\\\/\\\/koitik.lt\\\/akvariumai\\\/#organization\",\"name\":\"Akvariumai\",\"url\":\"https:\\\/\\\/koitik.lt\\\/akvariumai\\\/\",\"logo\":{\"@type\":\"ImageObject\",\"inLanguage\":\"lt-LT\",\"@id\":\"https:\\\/\\\/koitik.lt\\\/akvariumai\\\/#\\\/schema\\\/logo\\\/image\\\/\",\"url\":\"https:\\\/\\\/koitik.lt\\\/akvariumai\\\/wp-content\\\/uploads\\\/2024\\\/09\\\/logo-green.webp\",\"contentUrl\":\"https:\\\/\\\/koitik.lt\\\/akvariumai\\\/wp-content\\\/uploads\\\/2024\\\/09\\\/logo-green.webp\",\"width\":625,\"height\":625,\"caption\":\"Akvariumai\"},\"image\":{\"@id\":\"https:\\\/\\\/koitik.lt\\\/akvariumai\\\/#\\\/schema\\\/logo\\\/image\\\/\"},\"sameAs\":[\"https:\\\/\\\/www.facebook.com\\\/koitik.akvariumai\",\"https:\\\/\\\/www.instagram.com\\\/koitik.akvariumai\\\/\",\"https:\\\/\\\/www.linkedin.com\\\/company\\\/koitik\\\/\",\"https:\\\/\\\/www.youtube.com\\\/@koitik\"]}]}<\/script>\n<!-- \/ Yoast SEO plugin. -->","yoast_head_json":{"title":"Akvariumo dekoracijos komplektas 30L (Ruduo) - Akvariumai namams","description":"Akvariumo dekoracijos komplektas 30L (Ruduo) yra sukomplektuotas taip, kad viskas der\u0117t\u0173 tarpusavyje, tod\u0117l paprasta papuo\u0161ti biOrb akvarium\u0105.","robots":{"index":"index","follow":"follow","max-snippet":"max-snippet:-1","max-image-preview":"max-image-preview:large","max-video-preview":"max-video-preview:-1"},"canonical":"https:\/\/koitik.lt\/akvariumai\/produktas\/akvariumo-dekoracijos-komplektas-30l-ruduo\/","og_locale":"lt_LT","og_type":"article","og_title":"Akvariumo dekoracijos komplektas 30L (Ruduo) - Akvariumai namams","og_description":"Akvariumo dekoracijos komplektas 30L (Ruduo) yra sukomplektuotas taip, kad viskas der\u0117t\u0173 tarpusavyje, tod\u0117l paprasta papuo\u0161ti biOrb akvarium\u0105.","og_url":"https:\/\/koitik.lt\/akvariumai\/produktas\/akvariumo-dekoracijos-komplektas-30l-ruduo\/","og_site_name":"Akvariumai namams","article_publisher":"https:\/\/www.facebook.com\/koitik.akvariumai","article_modified_time":"2024-11-04T08:24:40+00:00","og_image":[{"width":1260,"height":1260,"url":"https:\/\/koitik.lt\/akvariumai\/wp-content\/uploads\/2024\/10\/Akvariumo-dekoracijos-Ruduo-30-1.webp","type":"image\/webp"}],"twitter_card":"summary_large_image","twitter_misc":{"Est. reading time":"1 minut\u0117"},"schema":{"@context":"https:\/\/schema.org","@graph":[{"@type":["WebPage","ItemPage"],"@id":"https:\/\/koitik.lt\/akvariumai\/produktas\/akvariumo-dekoracijos-komplektas-30l-ruduo\/","url":"https:\/\/koitik.lt\/akvariumai\/produktas\/akvariumo-dekoracijos-komplektas-30l-ruduo\/","name":"Akvariumo dekoracijos komplektas 30L (Ruduo) - Akvariumai namams","isPartOf":{"@id":"https:\/\/koitik.lt\/akvariumai\/#website"},"primaryImageOfPage":{"@id":"https:\/\/koitik.lt\/akvariumai\/produktas\/akvariumo-dekoracijos-komplektas-30l-ruduo\/#primaryimage"},"image":{"@id":"https:\/\/koitik.lt\/akvariumai\/produktas\/akvariumo-dekoracijos-komplektas-30l-ruduo\/#primaryimage"},"thumbnailUrl":"https:\/\/koitik.lt\/akvariumai\/wp-content\/uploads\/2024\/10\/Akvariumo-dekoracijos-Ruduo-30-1.webp","datePublished":"2024-10-04T10:19:20+00:00","dateModified":"2024-11-04T08:24:40+00:00","description":"Akvariumo dekoracijos komplektas 30L (Ruduo) yra sukomplektuotas taip, kad viskas der\u0117t\u0173 tarpusavyje, tod\u0117l paprasta papuo\u0161ti biOrb akvarium\u0105.","breadcrumb":{"@id":"https:\/\/koitik.lt\/akvariumai\/produktas\/akvariumo-dekoracijos-komplektas-30l-ruduo\/#breadcrumb"},"inLanguage":"lt-LT","potentialAction":[{"@type":"ReadAction","target":["https:\/\/koitik.lt\/akvariumai\/produktas\/akvariumo-dekoracijos-komplektas-30l-ruduo\/"]}]},{"@type":"ImageObject","inLanguage":"lt-LT","@id":"https:\/\/koitik.lt\/akvariumai\/produktas\/akvariumo-dekoracijos-komplektas-30l-ruduo\/#primaryimage","url":"https:\/\/koitik.lt\/akvariumai\/wp-content\/uploads\/2024\/10\/Akvariumo-dekoracijos-Ruduo-30-1.webp","contentUrl":"https:\/\/koitik.lt\/akvariumai\/wp-content\/uploads\/2024\/10\/Akvariumo-dekoracijos-Ruduo-30-1.webp","width":1260,"height":1260,"caption":"Akvariumo dekoracijos komplektas Ruduo"},{"@type":"BreadcrumbList","@id":"https:\/\/koitik.lt\/akvariumai\/produktas\/akvariumo-dekoracijos-komplektas-30l-ruduo\/#breadcrumb","itemListElement":[{"@type":"ListItem","position":1,"name":"Namai","item":"https:\/\/koitik.lt\/akvariumai\/"},{"@type":"ListItem","position":2,"name":"Parduotuv\u0117","item":"https:\/\/koitik.lt\/akvariumai\/parduotuve\/"},{"@type":"ListItem","position":3,"name":"Dekoracijos","item":"https:\/\/koitik.lt\/akvariumai\/produkto-kategorija\/dekoracijos\/"},{"@type":"ListItem","position":4,"name":"Komplektai","item":"https:\/\/koitik.lt\/akvariumai\/produkto-kategorija\/dekoracijos\/komplektai\/"},{"@type":"ListItem","position":5,"name":"Akvariumo dekoracijos komplektas 30L (Ruduo)"}]},{"@type":"WebSite","@id":"https:\/\/koitik.lt\/akvariumai\/#website","url":"https:\/\/koitik.lt\/akvariumai\/","name":"koitik","description":"Akvariumai","publisher":{"@id":"https:\/\/koitik.lt\/akvariumai\/#organization"},"potentialAction":[{"@type":"SearchAction","target":{"@type":"EntryPoint","urlTemplate":"https:\/\/koitik.lt\/akvariumai\/?s={search_term_string}"},"query-input":{"@type":"PropertyValueSpecification","valueRequired":true,"valueName":"search_term_string"}}],"inLanguage":"lt-LT"},{"@type":"Organization","@id":"https:\/\/koitik.lt\/akvariumai\/#organization","name":"Akvariumai","url":"https:\/\/koitik.lt\/akvariumai\/","logo":{"@type":"ImageObject","inLanguage":"lt-LT","@id":"https:\/\/koitik.lt\/akvariumai\/#\/schema\/logo\/image\/","url":"https:\/\/koitik.lt\/akvariumai\/wp-content\/uploads\/2024\/09\/logo-green.webp","contentUrl":"https:\/\/koitik.lt\/akvariumai\/wp-content\/uploads\/2024\/09\/logo-green.webp","width":625,"height":625,"caption":"Akvariumai"},"image":{"@id":"https:\/\/koitik.lt\/akvariumai\/#\/schema\/logo\/image\/"},"sameAs":["https:\/\/www.facebook.com\/koitik.akvariumai","https:\/\/www.instagram.com\/koitik.akvariumai\/","https:\/\/www.linkedin.com\/company\/koitik\/","https:\/\/www.youtube.com\/@koitik"]}]}},"_links":{"self":[{"href":"https:\/\/koitik.lt\/akvariumai\/wp-json\/wp\/v2\/product\/2923","targetHints":{"allow":["GET"]}}],"collection":[{"href":"https:\/\/koitik.lt\/akvariumai\/wp-json\/wp\/v2\/product"}],"about":[{"href":"https:\/\/koitik.lt\/akvariumai\/wp-json\/wp\/v2\/types\/product"}],"replies":[{"embeddable":true,"href":"https:\/\/koitik.lt\/akvariumai\/wp-json\/wp\/v2\/comments?post=2923"}],"wp:featuredmedia":[{"embeddable":true,"href":"https:\/\/koitik.lt\/akvariumai\/wp-json\/wp\/v2\/media\/2924"}],"wp:attachment":[{"href":"https:\/\/koitik.lt\/akvariumai\/wp-json\/wp\/v2\/media?parent=2923"}],"wp:term":[{"taxonomy":"product_brand","embeddable":true,"href":"https:\/\/koitik.lt\/akvariumai\/wp-json\/wp\/v2\/product_brand?post=2923"},{"taxonomy":"product_cat","embeddable":true,"href":"https:\/\/koitik.lt\/akvariumai\/wp-json\/wp\/v2\/product_cat?post=2923"},{"taxonomy":"product_tag","embeddable":true,"href":"https:\/\/koitik.lt\/akvariumai\/wp-json\/wp\/v2\/product_tag?post=2923"}],"curies":[{"name":"wp","href":"https:\/\/api.w.org\/{rel}","templated":true}]}}