{"id":4397,"date":"2025-09-25T09:12:28","date_gmt":"2025-09-25T09:12:28","guid":{"rendered":"https:\/\/koitik.lt\/akvariumai\/?post_type=product&#038;p=4397"},"modified":"2025-09-29T14:03:48","modified_gmt":"2025-09-29T14:03:48","slug":"akvariumo-komplektas-sf-home-proled-85","status":"publish","type":"product","link":"https:\/\/koitik.lt\/akvariumai\/produktas\/akvariumo-komplektas-sf-home-proled-85\/","title":{"rendered":"Akvariumo komplektas SF Home PROLED 85"},"content":{"rendered":"","protected":false},"excerpt":{"rendered":"<p data-start=\"173\" data-end=\"496\"><strong data-start=\"173\" data-end=\"194\">Akvariumo komplektas SF Home ProLED 85<\/strong> \u2013 akvariumas, sukurtas tiems, kurie nori paprasto bei patikimo sprendimo namams ar biurui. Komplekte rasite integruot\u0105 filtr\u0105, galing\u0105 LED ap\u0161vietim\u0105 bei stiling\u0105 dangt\u012f \u2014 viskas sukomplektuota taip, kad j\u016bs\u0173 akvariumas atrodyt\u0173 stilingai, bei b\u016bt\u0173 lengvai pri\u017ei\u016brimas ir funkcionalus.<\/p>\n<h3 data-start=\"498\" data-end=\"528\">Pagrindin\u0117s savyb\u0117s:<\/h3>\n<ul data-start=\"530\" data-end=\"940\">\n<li data-start=\"530\" data-end=\"592\">\n<p data-start=\"157\" data-end=\"257\"><strong data-start=\"157\" data-end=\"167\">Talpa:<\/strong> 80 litr\u0173 \u2013 kompakti\u0161kas akvariumas, tinkantis dekoracijoms, augalams ir ma\u017eoms \u017euvims.<\/p>\n<\/li>\n<li data-start=\"530\" data-end=\"592\">\n<p data-start=\"157\" data-end=\"257\"><strong data-start=\"259\" data-end=\"272\">Matmenys:<\/strong> 64.1 \u00d7 40.3 \u00d7 43.9 cm \u2013 patogiai telpa ant spintel\u0117s, stalo ar lentynos.<\/p>\n<\/li>\n<li data-start=\"530\" data-end=\"592\">\n<p data-start=\"157\" data-end=\"257\"><strong data-start=\"345\" data-end=\"365\">LED ap\u0161vietimas:<\/strong> <strong data-start=\"370\" data-end=\"390\">LED ap\u0161vietimas:<\/strong> 28 W, PAR 269 \u2013 energij\u0105 taupantis LED sprendimas, suteikiantis intensyvi\u0105 ir tolygi\u0105 \u0161vies\u0105 akvariumo augalams bei \u017euvims.<\/p>\n<\/li>\n<li data-start=\"530\" data-end=\"592\">\n<p data-start=\"157\" data-end=\"257\"><strong data-start=\"503\" data-end=\"515\">Filtras:<\/strong> Aqua-Flow 300 \u2013 integruotas vidinis filtras, palaikantis vanden\u012f \u0161var\u0173 ir palaikantis biologin\u0119 pusiausvyr\u0105.<\/p>\n<\/li>\n<li data-start=\"530\" data-end=\"592\">\n<p data-start=\"157\" data-end=\"257\"><strong data-start=\"719\" data-end=\"752\">\u0160ildytuvas (rekomenduojamas):<\/strong> ECO Heater 100 W arba Pro Heater 100 W \u2013 rekomenduojami sprendimai tropini\u0173 \u017euv\u0173 temperat\u016bros palaikymui (kartu nekomplektuojama).<\/p>\n<\/li>\n<\/ul>\n<h3 data-start=\"711\" data-end=\"770\">Kod\u0117l verta rinktis SF Home ProLED 85 ?<\/h3>\n<ul data-start=\"772\" data-end=\"1181\">\n<li data-start=\"772\" data-end=\"884\">\n<p data-start=\"774\" data-end=\"884\"><strong data-start=\"774\" data-end=\"795\">Modernus dizainas<\/strong> \u2013 korpusas su integruotu LED ap\u0161vietimu stilingai \u012fsilieja \u012f interjer\u0105.<\/p>\n<\/li>\n<li data-start=\"885\" data-end=\"987\">\n<p data-start=\"887\" data-end=\"987\"><strong data-start=\"887\" data-end=\"905\">Viskas viename<\/strong> \u2013 akvariume integruotas filtras ir LED ap\u0161vietimas, tereikia prid\u0117ti \u0161ildytuv\u0105.<\/p>\n<\/li>\n<li data-start=\"885\" data-end=\"987\"><strong data-start=\"1175\" data-end=\"1197\">Auk\u0161tas PAR lygis:<\/strong> 269 \u2013 leid\u017eia auginti net gana \u0161viesos reikalaujan\u010dius vandens augalus.<\/li>\n<li data-start=\"988\" data-end=\"1074\">\n<p data-start=\"990\" data-end=\"1074\"><strong data-start=\"990\" data-end=\"1010\">Lengva prie\u017ei\u016bra<\/strong> \u2013 patogiai nuimamas dangtis ir paprastas filtro aptarnavimas.<\/p>\n<\/li>\n<li data-start=\"1075\" data-end=\"1181\">\n<p data-start=\"1077\" data-end=\"1181\"><strong data-start=\"1077\" data-end=\"1127\">Tinka tiek pradedantiesiems, tiek pa\u017eengusiems<\/strong> \u2013 patikimas rinkinys tropin\u0117ms \u017euvims bei augalams.<\/p>\n<\/li>\n<\/ul>\n","protected":false},"featured_media":4400,"comment_status":"open","ping_status":"closed","template":"","meta":{"_gspb_post_css":""},"product_brand":[375],"product_cat":[100],"product_tag":[402],"class_list":{"0":"post-4397","1":"product","2":"type-product","3":"status-publish","4":"has-post-thumbnail","6":"product_brand-superfish","7":"product_cat-akvariumai","8":"product_tag-home","9":"product_shipping_class-telpa","11":"first","12":"onbackorder","13":"taxable","14":"shipping-taxable","15":"purchasable","16":"product-type-variable"},"ct_brands":[{"id":375,"name":"SuperFish","slug":"superfish"}],"yoast_head":"<!-- This site is optimized with the Yoast SEO plugin v27.5 - https:\/\/yoast.com\/product\/yoast-seo-wordpress\/ -->\n<title>Akvariumo komplektas SF Home PROLED 85 - Akvariumai namams<\/title>\n<meta name=\"description\" content=\"Akvariumo komplektas SF Home PROLED 85 \u2013 puikus pasirinkimas norintiems prad\u0117ti akvariumininkyst\u0117s hob\u012f be papildom\u0173 r\u016bpes\u010di\u0173.\" \/>\n<meta name=\"robots\" content=\"index, follow, max-snippet:-1, max-image-preview:large, max-video-preview:-1\" \/>\n<link rel=\"canonical\" href=\"https:\/\/koitik.lt\/akvariumai\/produktas\/akvariumo-komplektas-sf-home-proled-85\/\" \/>\n<meta property=\"og:locale\" content=\"lt_LT\" \/>\n<meta property=\"og:type\" content=\"article\" \/>\n<meta property=\"og:title\" content=\"Akvariumo komplektas SF Home PROLED 85 - Akvariumai namams\" \/>\n<meta property=\"og:description\" content=\"Akvariumo komplektas SF Home PROLED 85 \u2013 puikus pasirinkimas norintiems prad\u0117ti akvariumininkyst\u0117s hob\u012f be papildom\u0173 r\u016bpes\u010di\u0173.\" \/>\n<meta property=\"og:url\" content=\"https:\/\/koitik.lt\/akvariumai\/produktas\/akvariumo-komplektas-sf-home-proled-85\/\" \/>\n<meta property=\"og:site_name\" content=\"Akvariumai namams\" \/>\n<meta property=\"article:publisher\" content=\"https:\/\/www.facebook.com\/koitik.akvariumai\" \/>\n<meta property=\"article:modified_time\" content=\"2025-09-29T14:03:48+00:00\" \/>\n<meta property=\"og:image\" content=\"https:\/\/koitik.lt\/akvariumai\/wp-content\/uploads\/2025\/09\/CCC2DEDF7B2F2E50533E7C5D264DB45E9BC37979.jpg\" \/>\n\t<meta property=\"og:image:width\" content=\"1200\" \/>\n\t<meta property=\"og:image:height\" content=\"600\" \/>\n\t<meta property=\"og:image:type\" content=\"image\/jpeg\" \/>\n<meta name=\"twitter:card\" content=\"summary_large_image\" \/>\n<meta name=\"twitter:label1\" content=\"Est. reading time\" \/>\n\t<meta name=\"twitter:data1\" content=\"1 minut\u0117\" \/>\n<script type=\"application\/ld+json\" class=\"yoast-schema-graph\">{\"@context\":\"https:\\\/\\\/schema.org\",\"@graph\":[{\"@type\":[\"WebPage\",\"ItemPage\"],\"@id\":\"https:\\\/\\\/koitik.lt\\\/akvariumai\\\/produktas\\\/akvariumo-komplektas-sf-home-proled-85\\\/\",\"url\":\"https:\\\/\\\/koitik.lt\\\/akvariumai\\\/produktas\\\/akvariumo-komplektas-sf-home-proled-85\\\/\",\"name\":\"Akvariumo komplektas SF Home PROLED 85 - Akvariumai namams\",\"isPartOf\":{\"@id\":\"https:\\\/\\\/koitik.lt\\\/akvariumai\\\/#website\"},\"primaryImageOfPage\":{\"@id\":\"https:\\\/\\\/koitik.lt\\\/akvariumai\\\/produktas\\\/akvariumo-komplektas-sf-home-proled-85\\\/#primaryimage\"},\"image\":{\"@id\":\"https:\\\/\\\/koitik.lt\\\/akvariumai\\\/produktas\\\/akvariumo-komplektas-sf-home-proled-85\\\/#primaryimage\"},\"thumbnailUrl\":\"https:\\\/\\\/koitik.lt\\\/akvariumai\\\/wp-content\\\/uploads\\\/2025\\\/09\\\/8715897351419-SUPERFISH-HOME-PROLED-85_WHITE_PRODUCT-1280.webp\",\"datePublished\":\"2025-09-25T09:12:28+00:00\",\"dateModified\":\"2025-09-29T14:03:48+00:00\",\"description\":\"Akvariumo komplektas SF Home PROLED 85 \u2013 puikus pasirinkimas norintiems prad\u0117ti akvariumininkyst\u0117s hob\u012f be papildom\u0173 r\u016bpes\u010di\u0173.\",\"breadcrumb\":{\"@id\":\"https:\\\/\\\/koitik.lt\\\/akvariumai\\\/produktas\\\/akvariumo-komplektas-sf-home-proled-85\\\/#breadcrumb\"},\"inLanguage\":\"lt-LT\",\"potentialAction\":[{\"@type\":\"ReadAction\",\"target\":[\"https:\\\/\\\/koitik.lt\\\/akvariumai\\\/produktas\\\/akvariumo-komplektas-sf-home-proled-85\\\/\"]}]},{\"@type\":\"ImageObject\",\"inLanguage\":\"lt-LT\",\"@id\":\"https:\\\/\\\/koitik.lt\\\/akvariumai\\\/produktas\\\/akvariumo-komplektas-sf-home-proled-85\\\/#primaryimage\",\"url\":\"https:\\\/\\\/koitik.lt\\\/akvariumai\\\/wp-content\\\/uploads\\\/2025\\\/09\\\/8715897351419-SUPERFISH-HOME-PROLED-85_WHITE_PRODUCT-1280.webp\",\"contentUrl\":\"https:\\\/\\\/koitik.lt\\\/akvariumai\\\/wp-content\\\/uploads\\\/2025\\\/09\\\/8715897351419-SUPERFISH-HOME-PROLED-85_WHITE_PRODUCT-1280.webp\",\"width\":960,\"height\":960,\"caption\":\"Akvariumo komplektas SF HOME PROLED 85\"},{\"@type\":\"BreadcrumbList\",\"@id\":\"https:\\\/\\\/koitik.lt\\\/akvariumai\\\/produktas\\\/akvariumo-komplektas-sf-home-proled-85\\\/#breadcrumb\",\"itemListElement\":[{\"@type\":\"ListItem\",\"position\":1,\"name\":\"Namai\",\"item\":\"https:\\\/\\\/koitik.lt\\\/akvariumai\\\/\"},{\"@type\":\"ListItem\",\"position\":2,\"name\":\"Parduotuv\u0117\",\"item\":\"https:\\\/\\\/koitik.lt\\\/akvariumai\\\/parduotuve\\\/\"},{\"@type\":\"ListItem\",\"position\":3,\"name\":\"Akvariumai\",\"item\":\"https:\\\/\\\/koitik.lt\\\/akvariumai\\\/produkto-kategorija\\\/akvariumai\\\/\"},{\"@type\":\"ListItem\",\"position\":4,\"name\":\"Akvariumo komplektas SF Home PROLED 85\"}]},{\"@type\":\"WebSite\",\"@id\":\"https:\\\/\\\/koitik.lt\\\/akvariumai\\\/#website\",\"url\":\"https:\\\/\\\/koitik.lt\\\/akvariumai\\\/\",\"name\":\"koitik\",\"description\":\"Akvariumai\",\"publisher\":{\"@id\":\"https:\\\/\\\/koitik.lt\\\/akvariumai\\\/#organization\"},\"potentialAction\":[{\"@type\":\"SearchAction\",\"target\":{\"@type\":\"EntryPoint\",\"urlTemplate\":\"https:\\\/\\\/koitik.lt\\\/akvariumai\\\/?s={search_term_string}\"},\"query-input\":{\"@type\":\"PropertyValueSpecification\",\"valueRequired\":true,\"valueName\":\"search_term_string\"}}],\"inLanguage\":\"lt-LT\"},{\"@type\":\"Organization\",\"@id\":\"https:\\\/\\\/koitik.lt\\\/akvariumai\\\/#organization\",\"name\":\"Akvariumai\",\"url\":\"https:\\\/\\\/koitik.lt\\\/akvariumai\\\/\",\"logo\":{\"@type\":\"ImageObject\",\"inLanguage\":\"lt-LT\",\"@id\":\"https:\\\/\\\/koitik.lt\\\/akvariumai\\\/#\\\/schema\\\/logo\\\/image\\\/\",\"url\":\"https:\\\/\\\/koitik.lt\\\/akvariumai\\\/wp-content\\\/uploads\\\/2024\\\/09\\\/logo-green.webp\",\"contentUrl\":\"https:\\\/\\\/koitik.lt\\\/akvariumai\\\/wp-content\\\/uploads\\\/2024\\\/09\\\/logo-green.webp\",\"width\":625,\"height\":625,\"caption\":\"Akvariumai\"},\"image\":{\"@id\":\"https:\\\/\\\/koitik.lt\\\/akvariumai\\\/#\\\/schema\\\/logo\\\/image\\\/\"},\"sameAs\":[\"https:\\\/\\\/www.facebook.com\\\/koitik.akvariumai\",\"https:\\\/\\\/www.instagram.com\\\/koitik.akvariumai\\\/\",\"https:\\\/\\\/www.linkedin.com\\\/company\\\/koitik\\\/\",\"https:\\\/\\\/www.youtube.com\\\/@koitik\"]}]}<\/script>\n<!-- \/ Yoast SEO plugin. -->","yoast_head_json":{"title":"Akvariumo komplektas SF Home PROLED 85 - Akvariumai namams","description":"Akvariumo komplektas SF Home PROLED 85 \u2013 puikus pasirinkimas norintiems prad\u0117ti akvariumininkyst\u0117s hob\u012f be papildom\u0173 r\u016bpes\u010di\u0173.","robots":{"index":"index","follow":"follow","max-snippet":"max-snippet:-1","max-image-preview":"max-image-preview:large","max-video-preview":"max-video-preview:-1"},"canonical":"https:\/\/koitik.lt\/akvariumai\/produktas\/akvariumo-komplektas-sf-home-proled-85\/","og_locale":"lt_LT","og_type":"article","og_title":"Akvariumo komplektas SF Home PROLED 85 - Akvariumai namams","og_description":"Akvariumo komplektas SF Home PROLED 85 \u2013 puikus pasirinkimas norintiems prad\u0117ti akvariumininkyst\u0117s hob\u012f be papildom\u0173 r\u016bpes\u010di\u0173.","og_url":"https:\/\/koitik.lt\/akvariumai\/produktas\/akvariumo-komplektas-sf-home-proled-85\/","og_site_name":"Akvariumai namams","article_publisher":"https:\/\/www.facebook.com\/koitik.akvariumai","article_modified_time":"2025-09-29T14:03:48+00:00","og_image":[{"width":1200,"height":600,"url":"https:\/\/koitik.lt\/akvariumai\/wp-content\/uploads\/2025\/09\/CCC2DEDF7B2F2E50533E7C5D264DB45E9BC37979.jpg","type":"image\/jpeg"}],"twitter_card":"summary_large_image","twitter_misc":{"Est. reading time":"1 minut\u0117"},"schema":{"@context":"https:\/\/schema.org","@graph":[{"@type":["WebPage","ItemPage"],"@id":"https:\/\/koitik.lt\/akvariumai\/produktas\/akvariumo-komplektas-sf-home-proled-85\/","url":"https:\/\/koitik.lt\/akvariumai\/produktas\/akvariumo-komplektas-sf-home-proled-85\/","name":"Akvariumo komplektas SF Home PROLED 85 - Akvariumai namams","isPartOf":{"@id":"https:\/\/koitik.lt\/akvariumai\/#website"},"primaryImageOfPage":{"@id":"https:\/\/koitik.lt\/akvariumai\/produktas\/akvariumo-komplektas-sf-home-proled-85\/#primaryimage"},"image":{"@id":"https:\/\/koitik.lt\/akvariumai\/produktas\/akvariumo-komplektas-sf-home-proled-85\/#primaryimage"},"thumbnailUrl":"https:\/\/koitik.lt\/akvariumai\/wp-content\/uploads\/2025\/09\/8715897351419-SUPERFISH-HOME-PROLED-85_WHITE_PRODUCT-1280.webp","datePublished":"2025-09-25T09:12:28+00:00","dateModified":"2025-09-29T14:03:48+00:00","description":"Akvariumo komplektas SF Home PROLED 85 \u2013 puikus pasirinkimas norintiems prad\u0117ti akvariumininkyst\u0117s hob\u012f be papildom\u0173 r\u016bpes\u010di\u0173.","breadcrumb":{"@id":"https:\/\/koitik.lt\/akvariumai\/produktas\/akvariumo-komplektas-sf-home-proled-85\/#breadcrumb"},"inLanguage":"lt-LT","potentialAction":[{"@type":"ReadAction","target":["https:\/\/koitik.lt\/akvariumai\/produktas\/akvariumo-komplektas-sf-home-proled-85\/"]}]},{"@type":"ImageObject","inLanguage":"lt-LT","@id":"https:\/\/koitik.lt\/akvariumai\/produktas\/akvariumo-komplektas-sf-home-proled-85\/#primaryimage","url":"https:\/\/koitik.lt\/akvariumai\/wp-content\/uploads\/2025\/09\/8715897351419-SUPERFISH-HOME-PROLED-85_WHITE_PRODUCT-1280.webp","contentUrl":"https:\/\/koitik.lt\/akvariumai\/wp-content\/uploads\/2025\/09\/8715897351419-SUPERFISH-HOME-PROLED-85_WHITE_PRODUCT-1280.webp","width":960,"height":960,"caption":"Akvariumo komplektas SF HOME PROLED 85"},{"@type":"BreadcrumbList","@id":"https:\/\/koitik.lt\/akvariumai\/produktas\/akvariumo-komplektas-sf-home-proled-85\/#breadcrumb","itemListElement":[{"@type":"ListItem","position":1,"name":"Namai","item":"https:\/\/koitik.lt\/akvariumai\/"},{"@type":"ListItem","position":2,"name":"Parduotuv\u0117","item":"https:\/\/koitik.lt\/akvariumai\/parduotuve\/"},{"@type":"ListItem","position":3,"name":"Akvariumai","item":"https:\/\/koitik.lt\/akvariumai\/produkto-kategorija\/akvariumai\/"},{"@type":"ListItem","position":4,"name":"Akvariumo komplektas SF Home PROLED 85"}]},{"@type":"WebSite","@id":"https:\/\/koitik.lt\/akvariumai\/#website","url":"https:\/\/koitik.lt\/akvariumai\/","name":"koitik","description":"Akvariumai","publisher":{"@id":"https:\/\/koitik.lt\/akvariumai\/#organization"},"potentialAction":[{"@type":"SearchAction","target":{"@type":"EntryPoint","urlTemplate":"https:\/\/koitik.lt\/akvariumai\/?s={search_term_string}"},"query-input":{"@type":"PropertyValueSpecification","valueRequired":true,"valueName":"search_term_string"}}],"inLanguage":"lt-LT"},{"@type":"Organization","@id":"https:\/\/koitik.lt\/akvariumai\/#organization","name":"Akvariumai","url":"https:\/\/koitik.lt\/akvariumai\/","logo":{"@type":"ImageObject","inLanguage":"lt-LT","@id":"https:\/\/koitik.lt\/akvariumai\/#\/schema\/logo\/image\/","url":"https:\/\/koitik.lt\/akvariumai\/wp-content\/uploads\/2024\/09\/logo-green.webp","contentUrl":"https:\/\/koitik.lt\/akvariumai\/wp-content\/uploads\/2024\/09\/logo-green.webp","width":625,"height":625,"caption":"Akvariumai"},"image":{"@id":"https:\/\/koitik.lt\/akvariumai\/#\/schema\/logo\/image\/"},"sameAs":["https:\/\/www.facebook.com\/koitik.akvariumai","https:\/\/www.instagram.com\/koitik.akvariumai\/","https:\/\/www.linkedin.com\/company\/koitik\/","https:\/\/www.youtube.com\/@koitik"]}]}},"_links":{"self":[{"href":"https:\/\/koitik.lt\/akvariumai\/wp-json\/wp\/v2\/product\/4397","targetHints":{"allow":["GET"]}}],"collection":[{"href":"https:\/\/koitik.lt\/akvariumai\/wp-json\/wp\/v2\/product"}],"about":[{"href":"https:\/\/koitik.lt\/akvariumai\/wp-json\/wp\/v2\/types\/product"}],"replies":[{"embeddable":true,"href":"https:\/\/koitik.lt\/akvariumai\/wp-json\/wp\/v2\/comments?post=4397"}],"wp:featuredmedia":[{"embeddable":true,"href":"https:\/\/koitik.lt\/akvariumai\/wp-json\/wp\/v2\/media\/4400"}],"wp:attachment":[{"href":"https:\/\/koitik.lt\/akvariumai\/wp-json\/wp\/v2\/media?parent=4397"}],"wp:term":[{"taxonomy":"product_brand","embeddable":true,"href":"https:\/\/koitik.lt\/akvariumai\/wp-json\/wp\/v2\/product_brand?post=4397"},{"taxonomy":"product_cat","embeddable":true,"href":"https:\/\/koitik.lt\/akvariumai\/wp-json\/wp\/v2\/product_cat?post=4397"},{"taxonomy":"product_tag","embeddable":true,"href":"https:\/\/koitik.lt\/akvariumai\/wp-json\/wp\/v2\/product_tag?post=4397"}],"curies":[{"name":"wp","href":"https:\/\/api.w.org\/{rel}","templated":true}]}}