{"id":4455,"date":"2025-09-29T15:47:36","date_gmt":"2025-09-29T15:47:36","guid":{"rendered":"https:\/\/koitik.lt\/akvariumai\/?post_type=product&#038;p=4455"},"modified":"2025-10-03T08:43:27","modified_gmt":"2025-10-03T08:43:27","slug":"vidinis-akvariumo-filtras-oase-bioplus-100","status":"publish","type":"product","link":"https:\/\/koitik.lt\/akvariumai\/produktas\/vidinis-akvariumo-filtras-oase-bioplus-100\/","title":{"rendered":"Vidinis akvariumo filtras OASE BioPlus 100"},"content":{"rendered":"","protected":false},"excerpt":{"rendered":"<p data-start=\"134\" data-end=\"321\">Akvariumo vidinis filtras<strong> OASE BioPlus 100<\/strong> \u2013 tai pilnas filtravimo sprendimas ma\u017eiems akvariumams, su integruotu mechaniniu ir biologiniu filtru. Jis skirtas vandens skadrumui ir sveikai akvariumo ekosistemai palaikyti.<\/p>\n<p dir=\"ltr\" data-placeholder=\"Vertimas\"><strong>Apie produkt\u0105:<\/strong><\/p>\n<ul>\n<li data-start=\"452\" data-end=\"544\">\n<p data-start=\"454\" data-end=\"544\">Integruotos antgaliai: \u00a0tolygus pavir\u0161iaus jud\u0117jimas, apsaugo nuo biopl\u0117vel\u0117s susidarymo, praturtina vanden\u012f deguonimi<\/p>\n<\/li>\n<li data-start=\"545\" data-end=\"606\">\n<p data-start=\"547\" data-end=\"606\">Ypa\u010d lengva valyti: nu\u0117mus filtr\u0105, siurblys lieka vietoje<\/p>\n<\/li>\n<li data-start=\"607\" data-end=\"714\">\n<p data-start=\"609\" data-end=\"714\">Tvirtas filtro kam\u0161tis su didelio t\u016brio por\u0117ta kempine \u2013 efektyvi mechanin\u0117 ir biologin\u0117 filtracija<\/p>\n<\/li>\n<li data-start=\"715\" data-end=\"778\">\n<p data-start=\"717\" data-end=\"778\">Idealiai tinka montavimui akvariumo kampe \u2013 taupo viet\u0105<\/p>\n<\/li>\n<li data-start=\"779\" data-end=\"822\">\n<p data-start=\"781\" data-end=\"822\">Tyli veikla, ma\u017eas energijos suvartojimas<\/p>\n<\/li>\n<li>Komplektas be integruoto reguliuojamo <strong data-start=\"395\" data-end=\"405\">HeatUp<\/strong> \u0161ildytuvo (gali b\u016bti montuojamas v\u0117liau).<\/li>\n<\/ul>\n","protected":false},"featured_media":4456,"comment_status":"open","ping_status":"closed","template":"","meta":{"_gspb_post_css":""},"product_brand":[149],"product_cat":[394],"product_tag":[399],"class_list":{"0":"post-4455","1":"product","2":"type-product","3":"status-publish","4":"has-post-thumbnail","6":"product_brand-oase","7":"product_cat-akvariumo-filtrai","8":"product_tag-bioplus","9":"product_shipping_class-telpa","11":"first","12":"onbackorder","13":"sale","14":"taxable","15":"shipping-taxable","16":"purchasable","17":"product-type-simple"},"ct_brands":[{"id":149,"name":"OASE","slug":"oase"}],"yoast_head":"<!-- This site is optimized with the Yoast SEO plugin v27.4 - https:\/\/yoast.com\/product\/yoast-seo-wordpress\/ -->\n<title>Vidinis akvariumo filtras OASE BioPlus 100 - Akvariumai namams<\/title>\n<meta name=\"description\" content=\"kvariumo vidinis filtras OASE BioPlus 100 \u2013 tai pilnas filtravimo sprendimas ma\u017eiems akvariumams, su integruotu mechaniniu ir biologiniu filtru.\" \/>\n<meta name=\"robots\" content=\"index, follow, max-snippet:-1, max-image-preview:large, max-video-preview:-1\" \/>\n<link rel=\"canonical\" href=\"https:\/\/koitik.lt\/akvariumai\/produktas\/vidinis-akvariumo-filtras-oase-bioplus-100\/\" \/>\n<meta property=\"og:locale\" content=\"lt_LT\" \/>\n<meta property=\"og:type\" content=\"article\" \/>\n<meta property=\"og:title\" content=\"Vidinis akvariumo filtras OASE BioPlus 100 - Akvariumai namams\" \/>\n<meta property=\"og:description\" content=\"kvariumo vidinis filtras OASE BioPlus 100 \u2013 tai pilnas filtravimo sprendimas ma\u017eiems akvariumams, su integruotu mechaniniu ir biologiniu filtru.\" \/>\n<meta property=\"og:url\" content=\"https:\/\/koitik.lt\/akvariumai\/produktas\/vidinis-akvariumo-filtras-oase-bioplus-100\/\" \/>\n<meta property=\"og:site_name\" content=\"Akvariumai namams\" \/>\n<meta property=\"article:publisher\" content=\"https:\/\/www.facebook.com\/koitik.akvariumai\" \/>\n<meta property=\"article:modified_time\" content=\"2025-10-03T08:43:27+00:00\" \/>\n<meta property=\"og:image\" content=\"https:\/\/koitik.lt\/akvariumai\/wp-content\/uploads\/2025\/09\/Akvariumo-vidinis-filtras-Oase-Bioplus-100.webp\" \/>\n\t<meta property=\"og:image:width\" content=\"960\" \/>\n\t<meta property=\"og:image:height\" content=\"960\" \/>\n\t<meta property=\"og:image:type\" content=\"image\/webp\" \/>\n<meta name=\"twitter:card\" content=\"summary_large_image\" \/>\n<meta name=\"twitter:label1\" content=\"Est. reading time\" \/>\n\t<meta name=\"twitter:data1\" content=\"1 minut\u0117\" \/>\n<script type=\"application\/ld+json\" class=\"yoast-schema-graph\">{\"@context\":\"https:\\\/\\\/schema.org\",\"@graph\":[{\"@type\":[\"WebPage\",\"ItemPage\"],\"@id\":\"https:\\\/\\\/koitik.lt\\\/akvariumai\\\/produktas\\\/vidinis-akvariumo-filtras-oase-bioplus-100\\\/\",\"url\":\"https:\\\/\\\/koitik.lt\\\/akvariumai\\\/produktas\\\/vidinis-akvariumo-filtras-oase-bioplus-100\\\/\",\"name\":\"Vidinis akvariumo filtras OASE BioPlus 100 - Akvariumai namams\",\"isPartOf\":{\"@id\":\"https:\\\/\\\/koitik.lt\\\/akvariumai\\\/#website\"},\"primaryImageOfPage\":{\"@id\":\"https:\\\/\\\/koitik.lt\\\/akvariumai\\\/produktas\\\/vidinis-akvariumo-filtras-oase-bioplus-100\\\/#primaryimage\"},\"image\":{\"@id\":\"https:\\\/\\\/koitik.lt\\\/akvariumai\\\/produktas\\\/vidinis-akvariumo-filtras-oase-bioplus-100\\\/#primaryimage\"},\"thumbnailUrl\":\"https:\\\/\\\/koitik.lt\\\/akvariumai\\\/wp-content\\\/uploads\\\/2025\\\/09\\\/Akvariumo-vidinis-filtras-Oase-Bioplus-100.webp\",\"datePublished\":\"2025-09-29T15:47:36+00:00\",\"dateModified\":\"2025-10-03T08:43:27+00:00\",\"description\":\"kvariumo vidinis filtras OASE BioPlus 100 \u2013 tai pilnas filtravimo sprendimas ma\u017eiems akvariumams, su integruotu mechaniniu ir biologiniu filtru.\",\"breadcrumb\":{\"@id\":\"https:\\\/\\\/koitik.lt\\\/akvariumai\\\/produktas\\\/vidinis-akvariumo-filtras-oase-bioplus-100\\\/#breadcrumb\"},\"inLanguage\":\"lt-LT\",\"potentialAction\":[{\"@type\":\"ReadAction\",\"target\":[\"https:\\\/\\\/koitik.lt\\\/akvariumai\\\/produktas\\\/vidinis-akvariumo-filtras-oase-bioplus-100\\\/\"]}]},{\"@type\":\"ImageObject\",\"inLanguage\":\"lt-LT\",\"@id\":\"https:\\\/\\\/koitik.lt\\\/akvariumai\\\/produktas\\\/vidinis-akvariumo-filtras-oase-bioplus-100\\\/#primaryimage\",\"url\":\"https:\\\/\\\/koitik.lt\\\/akvariumai\\\/wp-content\\\/uploads\\\/2025\\\/09\\\/Akvariumo-vidinis-filtras-Oase-Bioplus-100.webp\",\"contentUrl\":\"https:\\\/\\\/koitik.lt\\\/akvariumai\\\/wp-content\\\/uploads\\\/2025\\\/09\\\/Akvariumo-vidinis-filtras-Oase-Bioplus-100.webp\",\"width\":960,\"height\":960,\"caption\":\"Akvariumo vidinis filtras Oase Bioplus 100\"},{\"@type\":\"BreadcrumbList\",\"@id\":\"https:\\\/\\\/koitik.lt\\\/akvariumai\\\/produktas\\\/vidinis-akvariumo-filtras-oase-bioplus-100\\\/#breadcrumb\",\"itemListElement\":[{\"@type\":\"ListItem\",\"position\":1,\"name\":\"Namai\",\"item\":\"https:\\\/\\\/koitik.lt\\\/akvariumai\\\/\"},{\"@type\":\"ListItem\",\"position\":2,\"name\":\"Parduotuv\u0117\",\"item\":\"https:\\\/\\\/koitik.lt\\\/akvariumai\\\/parduotuve\\\/\"},{\"@type\":\"ListItem\",\"position\":3,\"name\":\"Akvariumo filtrai\",\"item\":\"https:\\\/\\\/koitik.lt\\\/akvariumai\\\/produkto-kategorija\\\/akvariumo-filtrai\\\/\"},{\"@type\":\"ListItem\",\"position\":4,\"name\":\"Vidinis akvariumo filtras OASE BioPlus 100\"}]},{\"@type\":\"WebSite\",\"@id\":\"https:\\\/\\\/koitik.lt\\\/akvariumai\\\/#website\",\"url\":\"https:\\\/\\\/koitik.lt\\\/akvariumai\\\/\",\"name\":\"koitik\",\"description\":\"Akvariumai\",\"publisher\":{\"@id\":\"https:\\\/\\\/koitik.lt\\\/akvariumai\\\/#organization\"},\"potentialAction\":[{\"@type\":\"SearchAction\",\"target\":{\"@type\":\"EntryPoint\",\"urlTemplate\":\"https:\\\/\\\/koitik.lt\\\/akvariumai\\\/?s={search_term_string}\"},\"query-input\":{\"@type\":\"PropertyValueSpecification\",\"valueRequired\":true,\"valueName\":\"search_term_string\"}}],\"inLanguage\":\"lt-LT\"},{\"@type\":\"Organization\",\"@id\":\"https:\\\/\\\/koitik.lt\\\/akvariumai\\\/#organization\",\"name\":\"Akvariumai\",\"url\":\"https:\\\/\\\/koitik.lt\\\/akvariumai\\\/\",\"logo\":{\"@type\":\"ImageObject\",\"inLanguage\":\"lt-LT\",\"@id\":\"https:\\\/\\\/koitik.lt\\\/akvariumai\\\/#\\\/schema\\\/logo\\\/image\\\/\",\"url\":\"https:\\\/\\\/koitik.lt\\\/akvariumai\\\/wp-content\\\/uploads\\\/2024\\\/09\\\/logo-green.webp\",\"contentUrl\":\"https:\\\/\\\/koitik.lt\\\/akvariumai\\\/wp-content\\\/uploads\\\/2024\\\/09\\\/logo-green.webp\",\"width\":625,\"height\":625,\"caption\":\"Akvariumai\"},\"image\":{\"@id\":\"https:\\\/\\\/koitik.lt\\\/akvariumai\\\/#\\\/schema\\\/logo\\\/image\\\/\"},\"sameAs\":[\"https:\\\/\\\/www.facebook.com\\\/koitik.akvariumai\",\"https:\\\/\\\/www.instagram.com\\\/koitik.akvariumai\\\/\",\"https:\\\/\\\/www.linkedin.com\\\/company\\\/koitik\\\/\",\"https:\\\/\\\/www.youtube.com\\\/@koitik\"]}]}<\/script>\n<!-- \/ Yoast SEO plugin. -->","yoast_head_json":{"title":"Vidinis akvariumo filtras OASE BioPlus 100 - Akvariumai namams","description":"kvariumo vidinis filtras OASE BioPlus 100 \u2013 tai pilnas filtravimo sprendimas ma\u017eiems akvariumams, su integruotu mechaniniu ir biologiniu filtru.","robots":{"index":"index","follow":"follow","max-snippet":"max-snippet:-1","max-image-preview":"max-image-preview:large","max-video-preview":"max-video-preview:-1"},"canonical":"https:\/\/koitik.lt\/akvariumai\/produktas\/vidinis-akvariumo-filtras-oase-bioplus-100\/","og_locale":"lt_LT","og_type":"article","og_title":"Vidinis akvariumo filtras OASE BioPlus 100 - Akvariumai namams","og_description":"kvariumo vidinis filtras OASE BioPlus 100 \u2013 tai pilnas filtravimo sprendimas ma\u017eiems akvariumams, su integruotu mechaniniu ir biologiniu filtru.","og_url":"https:\/\/koitik.lt\/akvariumai\/produktas\/vidinis-akvariumo-filtras-oase-bioplus-100\/","og_site_name":"Akvariumai namams","article_publisher":"https:\/\/www.facebook.com\/koitik.akvariumai","article_modified_time":"2025-10-03T08:43:27+00:00","og_image":[{"width":960,"height":960,"url":"https:\/\/koitik.lt\/akvariumai\/wp-content\/uploads\/2025\/09\/Akvariumo-vidinis-filtras-Oase-Bioplus-100.webp","type":"image\/webp"}],"twitter_card":"summary_large_image","twitter_misc":{"Est. reading time":"1 minut\u0117"},"schema":{"@context":"https:\/\/schema.org","@graph":[{"@type":["WebPage","ItemPage"],"@id":"https:\/\/koitik.lt\/akvariumai\/produktas\/vidinis-akvariumo-filtras-oase-bioplus-100\/","url":"https:\/\/koitik.lt\/akvariumai\/produktas\/vidinis-akvariumo-filtras-oase-bioplus-100\/","name":"Vidinis akvariumo filtras OASE BioPlus 100 - Akvariumai namams","isPartOf":{"@id":"https:\/\/koitik.lt\/akvariumai\/#website"},"primaryImageOfPage":{"@id":"https:\/\/koitik.lt\/akvariumai\/produktas\/vidinis-akvariumo-filtras-oase-bioplus-100\/#primaryimage"},"image":{"@id":"https:\/\/koitik.lt\/akvariumai\/produktas\/vidinis-akvariumo-filtras-oase-bioplus-100\/#primaryimage"},"thumbnailUrl":"https:\/\/koitik.lt\/akvariumai\/wp-content\/uploads\/2025\/09\/Akvariumo-vidinis-filtras-Oase-Bioplus-100.webp","datePublished":"2025-09-29T15:47:36+00:00","dateModified":"2025-10-03T08:43:27+00:00","description":"kvariumo vidinis filtras OASE BioPlus 100 \u2013 tai pilnas filtravimo sprendimas ma\u017eiems akvariumams, su integruotu mechaniniu ir biologiniu filtru.","breadcrumb":{"@id":"https:\/\/koitik.lt\/akvariumai\/produktas\/vidinis-akvariumo-filtras-oase-bioplus-100\/#breadcrumb"},"inLanguage":"lt-LT","potentialAction":[{"@type":"ReadAction","target":["https:\/\/koitik.lt\/akvariumai\/produktas\/vidinis-akvariumo-filtras-oase-bioplus-100\/"]}]},{"@type":"ImageObject","inLanguage":"lt-LT","@id":"https:\/\/koitik.lt\/akvariumai\/produktas\/vidinis-akvariumo-filtras-oase-bioplus-100\/#primaryimage","url":"https:\/\/koitik.lt\/akvariumai\/wp-content\/uploads\/2025\/09\/Akvariumo-vidinis-filtras-Oase-Bioplus-100.webp","contentUrl":"https:\/\/koitik.lt\/akvariumai\/wp-content\/uploads\/2025\/09\/Akvariumo-vidinis-filtras-Oase-Bioplus-100.webp","width":960,"height":960,"caption":"Akvariumo vidinis filtras Oase Bioplus 100"},{"@type":"BreadcrumbList","@id":"https:\/\/koitik.lt\/akvariumai\/produktas\/vidinis-akvariumo-filtras-oase-bioplus-100\/#breadcrumb","itemListElement":[{"@type":"ListItem","position":1,"name":"Namai","item":"https:\/\/koitik.lt\/akvariumai\/"},{"@type":"ListItem","position":2,"name":"Parduotuv\u0117","item":"https:\/\/koitik.lt\/akvariumai\/parduotuve\/"},{"@type":"ListItem","position":3,"name":"Akvariumo filtrai","item":"https:\/\/koitik.lt\/akvariumai\/produkto-kategorija\/akvariumo-filtrai\/"},{"@type":"ListItem","position":4,"name":"Vidinis akvariumo filtras OASE BioPlus 100"}]},{"@type":"WebSite","@id":"https:\/\/koitik.lt\/akvariumai\/#website","url":"https:\/\/koitik.lt\/akvariumai\/","name":"koitik","description":"Akvariumai","publisher":{"@id":"https:\/\/koitik.lt\/akvariumai\/#organization"},"potentialAction":[{"@type":"SearchAction","target":{"@type":"EntryPoint","urlTemplate":"https:\/\/koitik.lt\/akvariumai\/?s={search_term_string}"},"query-input":{"@type":"PropertyValueSpecification","valueRequired":true,"valueName":"search_term_string"}}],"inLanguage":"lt-LT"},{"@type":"Organization","@id":"https:\/\/koitik.lt\/akvariumai\/#organization","name":"Akvariumai","url":"https:\/\/koitik.lt\/akvariumai\/","logo":{"@type":"ImageObject","inLanguage":"lt-LT","@id":"https:\/\/koitik.lt\/akvariumai\/#\/schema\/logo\/image\/","url":"https:\/\/koitik.lt\/akvariumai\/wp-content\/uploads\/2024\/09\/logo-green.webp","contentUrl":"https:\/\/koitik.lt\/akvariumai\/wp-content\/uploads\/2024\/09\/logo-green.webp","width":625,"height":625,"caption":"Akvariumai"},"image":{"@id":"https:\/\/koitik.lt\/akvariumai\/#\/schema\/logo\/image\/"},"sameAs":["https:\/\/www.facebook.com\/koitik.akvariumai","https:\/\/www.instagram.com\/koitik.akvariumai\/","https:\/\/www.linkedin.com\/company\/koitik\/","https:\/\/www.youtube.com\/@koitik"]}]}},"_links":{"self":[{"href":"https:\/\/koitik.lt\/akvariumai\/wp-json\/wp\/v2\/product\/4455","targetHints":{"allow":["GET"]}}],"collection":[{"href":"https:\/\/koitik.lt\/akvariumai\/wp-json\/wp\/v2\/product"}],"about":[{"href":"https:\/\/koitik.lt\/akvariumai\/wp-json\/wp\/v2\/types\/product"}],"replies":[{"embeddable":true,"href":"https:\/\/koitik.lt\/akvariumai\/wp-json\/wp\/v2\/comments?post=4455"}],"wp:featuredmedia":[{"embeddable":true,"href":"https:\/\/koitik.lt\/akvariumai\/wp-json\/wp\/v2\/media\/4456"}],"wp:attachment":[{"href":"https:\/\/koitik.lt\/akvariumai\/wp-json\/wp\/v2\/media?parent=4455"}],"wp:term":[{"taxonomy":"product_brand","embeddable":true,"href":"https:\/\/koitik.lt\/akvariumai\/wp-json\/wp\/v2\/product_brand?post=4455"},{"taxonomy":"product_cat","embeddable":true,"href":"https:\/\/koitik.lt\/akvariumai\/wp-json\/wp\/v2\/product_cat?post=4455"},{"taxonomy":"product_tag","embeddable":true,"href":"https:\/\/koitik.lt\/akvariumai\/wp-json\/wp\/v2\/product_tag?post=4455"}],"curies":[{"name":"wp","href":"https:\/\/api.w.org\/{rel}","templated":true}]}}