{"id":4505,"date":"2025-09-30T08:26:51","date_gmt":"2025-09-30T08:26:51","guid":{"rendered":"https:\/\/koitik.lt\/akvariumai\/?post_type=product&#038;p=4505"},"modified":"2025-09-30T08:33:56","modified_gmt":"2025-09-30T08:33:56","slug":"akvariumo-terariumo-prieziuros-irankiai-bioart-2-in-1-scaping-set","status":"publish","type":"product","link":"https:\/\/koitik.lt\/akvariumai\/produktas\/akvariumo-terariumo-prieziuros-irankiai-bioart-2-in-1-scaping-set\/","title":{"rendered":"Akvariumo\/terariumo prie\u017ei\u016bros \u012frankiai BioArt 2-in-1 Scaping Set"},"content":{"rendered":"","protected":false},"excerpt":{"rendered":"<p data-start=\"161\" data-end=\"395\">Akvariumo\/terariumo prie\u017ei\u016bros \u012frankiai <strong>BioArt 2-in-1 Scaping Set<\/strong> \u2013 tai inovatyvus \u012franki\u0173 rinkinys, sukurtas patogiai augal\u0173 prie\u017ei\u016brai. Komplekte esantys \u012frankiai lenkti 90\u00b0 kampu, tod\u0117l juos itin patogu naudoti net kompakti\u0161kose talpose.<\/p>\n<p dir=\"ltr\" data-placeholder=\"Vertimas\"><strong>Produkto savyb\u0117s:<\/strong><\/p>\n<ul data-start=\"802\" data-end=\"1087\">\n<li data-start=\"802\" data-end=\"881\">\n<p data-start=\"804\" data-end=\"881\">2 viename \u2013 vienas rinkinys visiems pagrindiniams augal\u0173 prie\u017ei\u016bros darbams<\/p>\n<\/li>\n<li data-start=\"882\" data-end=\"957\">\n<p data-start=\"884\" data-end=\"957\">Lenkti 90\u00b0 kampu \u2013 lengvas manevravimas net ma\u017euose akvariumuose ir terariumuose<\/p>\n<\/li>\n<li data-start=\"958\" data-end=\"1026\">\n<p data-start=\"960\" data-end=\"1026\">Auk\u0161tos kokyb\u0117s metalas \u2013 ilgaam\u017ei\u0161kumas ir atsparumas korozijai<\/p>\n<\/li>\n<li data-start=\"1027\" data-end=\"1087\">\n<p data-start=\"1029\" data-end=\"1087\">Patogios rankenos \u2013 u\u017etikrina paprast\u0105 naudojim\u0105<\/p>\n<\/li>\n<\/ul>\n","protected":false},"featured_media":4508,"comment_status":"open","ping_status":"closed","template":"","meta":{"_gspb_post_css":""},"product_brand":[370],"product_cat":[123],"product_tag":[432],"class_list":{"0":"post-4505","1":"product","2":"type-product","3":"status-publish","4":"has-post-thumbnail","6":"product_brand-bioart","7":"product_cat-valymo-reikmenys","8":"product_tag-bioart","10":"first","11":"onbackorder","12":"taxable","13":"shipping-taxable","14":"purchasable","15":"product-type-simple"},"ct_brands":[{"id":370,"name":"BioArt","slug":"bioart"}],"yoast_head":"<!-- This site is optimized with the Yoast SEO plugin v27.4 - https:\/\/yoast.com\/product\/yoast-seo-wordpress\/ -->\n<title>Akvariumo\/terariumo prie\u017ei\u016bros \u012frankiai BioArt 2-in-1 Scaping Set - Akvariumai namams<\/title>\n<meta name=\"description\" content=\"Akvariumo\/terariumo prie\u017ei\u016bros \u012frankiai BioArt 2-in-1 Scaping Set \u2013 tai inovatyvus \u012franki\u0173 rinkinys, sukurtas patogiai augal\u0173 prie\u017ei\u016brai.\" \/>\n<meta name=\"robots\" content=\"index, follow, max-snippet:-1, max-image-preview:large, max-video-preview:-1\" \/>\n<link rel=\"canonical\" href=\"https:\/\/koitik.lt\/akvariumai\/produktas\/akvariumo-terariumo-prieziuros-irankiai-bioart-2-in-1-scaping-set\/\" \/>\n<meta property=\"og:locale\" content=\"lt_LT\" \/>\n<meta property=\"og:type\" content=\"article\" \/>\n<meta property=\"og:title\" content=\"Akvariumo\/terariumo prie\u017ei\u016bros \u012frankiai BioArt 2-in-1 Scaping Set - Akvariumai namams\" \/>\n<meta property=\"og:description\" content=\"Akvariumo\/terariumo prie\u017ei\u016bros \u012frankiai BioArt 2-in-1 Scaping Set \u2013 tai inovatyvus \u012franki\u0173 rinkinys, sukurtas patogiai augal\u0173 prie\u017ei\u016brai.\" \/>\n<meta property=\"og:url\" content=\"https:\/\/koitik.lt\/akvariumai\/produktas\/akvariumo-terariumo-prieziuros-irankiai-bioart-2-in-1-scaping-set\/\" \/>\n<meta property=\"og:site_name\" content=\"Akvariumai namams\" \/>\n<meta property=\"article:publisher\" content=\"https:\/\/www.facebook.com\/koitik.akvariumai\" \/>\n<meta property=\"article:modified_time\" content=\"2025-09-30T08:33:56+00:00\" \/>\n<meta property=\"og:image\" content=\"https:\/\/koitik.lt\/akvariumai\/wp-content\/uploads\/2025\/09\/Akvariumo-terariumo-prieziuros-irankiai-BioArt-2-in-1-Scaping-Set-2.webp\" \/>\n\t<meta property=\"og:image:width\" content=\"1040\" \/>\n\t<meta property=\"og:image:height\" content=\"1040\" \/>\n\t<meta property=\"og:image:type\" content=\"image\/webp\" \/>\n<meta name=\"twitter:card\" content=\"summary_large_image\" \/>\n<meta name=\"twitter:label1\" content=\"Est. reading time\" \/>\n\t<meta name=\"twitter:data1\" content=\"1 minut\u0117\" \/>\n<script type=\"application\/ld+json\" class=\"yoast-schema-graph\">{\"@context\":\"https:\\\/\\\/schema.org\",\"@graph\":[{\"@type\":[\"WebPage\",\"ItemPage\"],\"@id\":\"https:\\\/\\\/koitik.lt\\\/akvariumai\\\/produktas\\\/akvariumo-terariumo-prieziuros-irankiai-bioart-2-in-1-scaping-set\\\/\",\"url\":\"https:\\\/\\\/koitik.lt\\\/akvariumai\\\/produktas\\\/akvariumo-terariumo-prieziuros-irankiai-bioart-2-in-1-scaping-set\\\/\",\"name\":\"Akvariumo\\\/terariumo prie\u017ei\u016bros \u012frankiai BioArt 2-in-1 Scaping Set - Akvariumai namams\",\"isPartOf\":{\"@id\":\"https:\\\/\\\/koitik.lt\\\/akvariumai\\\/#website\"},\"primaryImageOfPage\":{\"@id\":\"https:\\\/\\\/koitik.lt\\\/akvariumai\\\/produktas\\\/akvariumo-terariumo-prieziuros-irankiai-bioart-2-in-1-scaping-set\\\/#primaryimage\"},\"image\":{\"@id\":\"https:\\\/\\\/koitik.lt\\\/akvariumai\\\/produktas\\\/akvariumo-terariumo-prieziuros-irankiai-bioart-2-in-1-scaping-set\\\/#primaryimage\"},\"thumbnailUrl\":\"https:\\\/\\\/koitik.lt\\\/akvariumai\\\/wp-content\\\/uploads\\\/2025\\\/09\\\/Akvariumo-terariumo-prieziuros-irankiai-BioArt-2-in-1-Scaping-Set-2.webp\",\"datePublished\":\"2025-09-30T08:26:51+00:00\",\"dateModified\":\"2025-09-30T08:33:56+00:00\",\"description\":\"Akvariumo\\\/terariumo prie\u017ei\u016bros \u012frankiai BioArt 2-in-1 Scaping Set \u2013 tai inovatyvus \u012franki\u0173 rinkinys, sukurtas patogiai augal\u0173 prie\u017ei\u016brai.\",\"breadcrumb\":{\"@id\":\"https:\\\/\\\/koitik.lt\\\/akvariumai\\\/produktas\\\/akvariumo-terariumo-prieziuros-irankiai-bioart-2-in-1-scaping-set\\\/#breadcrumb\"},\"inLanguage\":\"lt-LT\",\"potentialAction\":[{\"@type\":\"ReadAction\",\"target\":[\"https:\\\/\\\/koitik.lt\\\/akvariumai\\\/produktas\\\/akvariumo-terariumo-prieziuros-irankiai-bioart-2-in-1-scaping-set\\\/\"]}]},{\"@type\":\"ImageObject\",\"inLanguage\":\"lt-LT\",\"@id\":\"https:\\\/\\\/koitik.lt\\\/akvariumai\\\/produktas\\\/akvariumo-terariumo-prieziuros-irankiai-bioart-2-in-1-scaping-set\\\/#primaryimage\",\"url\":\"https:\\\/\\\/koitik.lt\\\/akvariumai\\\/wp-content\\\/uploads\\\/2025\\\/09\\\/Akvariumo-terariumo-prieziuros-irankiai-BioArt-2-in-1-Scaping-Set-2.webp\",\"contentUrl\":\"https:\\\/\\\/koitik.lt\\\/akvariumai\\\/wp-content\\\/uploads\\\/2025\\\/09\\\/Akvariumo-terariumo-prieziuros-irankiai-BioArt-2-in-1-Scaping-Set-2.webp\",\"width\":1040,\"height\":1040,\"caption\":\"Akvariumo-terariumo prie\u017ei\u016bros \u012frankiai BioArt 2-in-1 Scaping Set\"},{\"@type\":\"BreadcrumbList\",\"@id\":\"https:\\\/\\\/koitik.lt\\\/akvariumai\\\/produktas\\\/akvariumo-terariumo-prieziuros-irankiai-bioart-2-in-1-scaping-set\\\/#breadcrumb\",\"itemListElement\":[{\"@type\":\"ListItem\",\"position\":1,\"name\":\"Namai\",\"item\":\"https:\\\/\\\/koitik.lt\\\/akvariumai\\\/\"},{\"@type\":\"ListItem\",\"position\":2,\"name\":\"Parduotuv\u0117\",\"item\":\"https:\\\/\\\/koitik.lt\\\/akvariumai\\\/parduotuve\\\/\"},{\"@type\":\"ListItem\",\"position\":3,\"name\":\"Valymo reikmenys\",\"item\":\"https:\\\/\\\/koitik.lt\\\/akvariumai\\\/produkto-kategorija\\\/valymo-reikmenys\\\/\"},{\"@type\":\"ListItem\",\"position\":4,\"name\":\"Akvariumo\\\/terariumo prie\u017ei\u016bros \u012frankiai BioArt 2-in-1 Scaping Set\"}]},{\"@type\":\"WebSite\",\"@id\":\"https:\\\/\\\/koitik.lt\\\/akvariumai\\\/#website\",\"url\":\"https:\\\/\\\/koitik.lt\\\/akvariumai\\\/\",\"name\":\"koitik\",\"description\":\"Akvariumai\",\"publisher\":{\"@id\":\"https:\\\/\\\/koitik.lt\\\/akvariumai\\\/#organization\"},\"potentialAction\":[{\"@type\":\"SearchAction\",\"target\":{\"@type\":\"EntryPoint\",\"urlTemplate\":\"https:\\\/\\\/koitik.lt\\\/akvariumai\\\/?s={search_term_string}\"},\"query-input\":{\"@type\":\"PropertyValueSpecification\",\"valueRequired\":true,\"valueName\":\"search_term_string\"}}],\"inLanguage\":\"lt-LT\"},{\"@type\":\"Organization\",\"@id\":\"https:\\\/\\\/koitik.lt\\\/akvariumai\\\/#organization\",\"name\":\"Akvariumai\",\"url\":\"https:\\\/\\\/koitik.lt\\\/akvariumai\\\/\",\"logo\":{\"@type\":\"ImageObject\",\"inLanguage\":\"lt-LT\",\"@id\":\"https:\\\/\\\/koitik.lt\\\/akvariumai\\\/#\\\/schema\\\/logo\\\/image\\\/\",\"url\":\"https:\\\/\\\/koitik.lt\\\/akvariumai\\\/wp-content\\\/uploads\\\/2024\\\/09\\\/logo-green.webp\",\"contentUrl\":\"https:\\\/\\\/koitik.lt\\\/akvariumai\\\/wp-content\\\/uploads\\\/2024\\\/09\\\/logo-green.webp\",\"width\":625,\"height\":625,\"caption\":\"Akvariumai\"},\"image\":{\"@id\":\"https:\\\/\\\/koitik.lt\\\/akvariumai\\\/#\\\/schema\\\/logo\\\/image\\\/\"},\"sameAs\":[\"https:\\\/\\\/www.facebook.com\\\/koitik.akvariumai\",\"https:\\\/\\\/www.instagram.com\\\/koitik.akvariumai\\\/\",\"https:\\\/\\\/www.linkedin.com\\\/company\\\/koitik\\\/\",\"https:\\\/\\\/www.youtube.com\\\/@koitik\"]}]}<\/script>\n<!-- \/ Yoast SEO plugin. -->","yoast_head_json":{"title":"Akvariumo\/terariumo prie\u017ei\u016bros \u012frankiai BioArt 2-in-1 Scaping Set - Akvariumai namams","description":"Akvariumo\/terariumo prie\u017ei\u016bros \u012frankiai BioArt 2-in-1 Scaping Set \u2013 tai inovatyvus \u012franki\u0173 rinkinys, sukurtas patogiai augal\u0173 prie\u017ei\u016brai.","robots":{"index":"index","follow":"follow","max-snippet":"max-snippet:-1","max-image-preview":"max-image-preview:large","max-video-preview":"max-video-preview:-1"},"canonical":"https:\/\/koitik.lt\/akvariumai\/produktas\/akvariumo-terariumo-prieziuros-irankiai-bioart-2-in-1-scaping-set\/","og_locale":"lt_LT","og_type":"article","og_title":"Akvariumo\/terariumo prie\u017ei\u016bros \u012frankiai BioArt 2-in-1 Scaping Set - Akvariumai namams","og_description":"Akvariumo\/terariumo prie\u017ei\u016bros \u012frankiai BioArt 2-in-1 Scaping Set \u2013 tai inovatyvus \u012franki\u0173 rinkinys, sukurtas patogiai augal\u0173 prie\u017ei\u016brai.","og_url":"https:\/\/koitik.lt\/akvariumai\/produktas\/akvariumo-terariumo-prieziuros-irankiai-bioart-2-in-1-scaping-set\/","og_site_name":"Akvariumai namams","article_publisher":"https:\/\/www.facebook.com\/koitik.akvariumai","article_modified_time":"2025-09-30T08:33:56+00:00","og_image":[{"width":1040,"height":1040,"url":"https:\/\/koitik.lt\/akvariumai\/wp-content\/uploads\/2025\/09\/Akvariumo-terariumo-prieziuros-irankiai-BioArt-2-in-1-Scaping-Set-2.webp","type":"image\/webp"}],"twitter_card":"summary_large_image","twitter_misc":{"Est. reading time":"1 minut\u0117"},"schema":{"@context":"https:\/\/schema.org","@graph":[{"@type":["WebPage","ItemPage"],"@id":"https:\/\/koitik.lt\/akvariumai\/produktas\/akvariumo-terariumo-prieziuros-irankiai-bioart-2-in-1-scaping-set\/","url":"https:\/\/koitik.lt\/akvariumai\/produktas\/akvariumo-terariumo-prieziuros-irankiai-bioart-2-in-1-scaping-set\/","name":"Akvariumo\/terariumo prie\u017ei\u016bros \u012frankiai BioArt 2-in-1 Scaping Set - Akvariumai namams","isPartOf":{"@id":"https:\/\/koitik.lt\/akvariumai\/#website"},"primaryImageOfPage":{"@id":"https:\/\/koitik.lt\/akvariumai\/produktas\/akvariumo-terariumo-prieziuros-irankiai-bioart-2-in-1-scaping-set\/#primaryimage"},"image":{"@id":"https:\/\/koitik.lt\/akvariumai\/produktas\/akvariumo-terariumo-prieziuros-irankiai-bioart-2-in-1-scaping-set\/#primaryimage"},"thumbnailUrl":"https:\/\/koitik.lt\/akvariumai\/wp-content\/uploads\/2025\/09\/Akvariumo-terariumo-prieziuros-irankiai-BioArt-2-in-1-Scaping-Set-2.webp","datePublished":"2025-09-30T08:26:51+00:00","dateModified":"2025-09-30T08:33:56+00:00","description":"Akvariumo\/terariumo prie\u017ei\u016bros \u012frankiai BioArt 2-in-1 Scaping Set \u2013 tai inovatyvus \u012franki\u0173 rinkinys, sukurtas patogiai augal\u0173 prie\u017ei\u016brai.","breadcrumb":{"@id":"https:\/\/koitik.lt\/akvariumai\/produktas\/akvariumo-terariumo-prieziuros-irankiai-bioart-2-in-1-scaping-set\/#breadcrumb"},"inLanguage":"lt-LT","potentialAction":[{"@type":"ReadAction","target":["https:\/\/koitik.lt\/akvariumai\/produktas\/akvariumo-terariumo-prieziuros-irankiai-bioart-2-in-1-scaping-set\/"]}]},{"@type":"ImageObject","inLanguage":"lt-LT","@id":"https:\/\/koitik.lt\/akvariumai\/produktas\/akvariumo-terariumo-prieziuros-irankiai-bioart-2-in-1-scaping-set\/#primaryimage","url":"https:\/\/koitik.lt\/akvariumai\/wp-content\/uploads\/2025\/09\/Akvariumo-terariumo-prieziuros-irankiai-BioArt-2-in-1-Scaping-Set-2.webp","contentUrl":"https:\/\/koitik.lt\/akvariumai\/wp-content\/uploads\/2025\/09\/Akvariumo-terariumo-prieziuros-irankiai-BioArt-2-in-1-Scaping-Set-2.webp","width":1040,"height":1040,"caption":"Akvariumo-terariumo prie\u017ei\u016bros \u012frankiai BioArt 2-in-1 Scaping Set"},{"@type":"BreadcrumbList","@id":"https:\/\/koitik.lt\/akvariumai\/produktas\/akvariumo-terariumo-prieziuros-irankiai-bioart-2-in-1-scaping-set\/#breadcrumb","itemListElement":[{"@type":"ListItem","position":1,"name":"Namai","item":"https:\/\/koitik.lt\/akvariumai\/"},{"@type":"ListItem","position":2,"name":"Parduotuv\u0117","item":"https:\/\/koitik.lt\/akvariumai\/parduotuve\/"},{"@type":"ListItem","position":3,"name":"Valymo reikmenys","item":"https:\/\/koitik.lt\/akvariumai\/produkto-kategorija\/valymo-reikmenys\/"},{"@type":"ListItem","position":4,"name":"Akvariumo\/terariumo prie\u017ei\u016bros \u012frankiai BioArt 2-in-1 Scaping Set"}]},{"@type":"WebSite","@id":"https:\/\/koitik.lt\/akvariumai\/#website","url":"https:\/\/koitik.lt\/akvariumai\/","name":"koitik","description":"Akvariumai","publisher":{"@id":"https:\/\/koitik.lt\/akvariumai\/#organization"},"potentialAction":[{"@type":"SearchAction","target":{"@type":"EntryPoint","urlTemplate":"https:\/\/koitik.lt\/akvariumai\/?s={search_term_string}"},"query-input":{"@type":"PropertyValueSpecification","valueRequired":true,"valueName":"search_term_string"}}],"inLanguage":"lt-LT"},{"@type":"Organization","@id":"https:\/\/koitik.lt\/akvariumai\/#organization","name":"Akvariumai","url":"https:\/\/koitik.lt\/akvariumai\/","logo":{"@type":"ImageObject","inLanguage":"lt-LT","@id":"https:\/\/koitik.lt\/akvariumai\/#\/schema\/logo\/image\/","url":"https:\/\/koitik.lt\/akvariumai\/wp-content\/uploads\/2024\/09\/logo-green.webp","contentUrl":"https:\/\/koitik.lt\/akvariumai\/wp-content\/uploads\/2024\/09\/logo-green.webp","width":625,"height":625,"caption":"Akvariumai"},"image":{"@id":"https:\/\/koitik.lt\/akvariumai\/#\/schema\/logo\/image\/"},"sameAs":["https:\/\/www.facebook.com\/koitik.akvariumai","https:\/\/www.instagram.com\/koitik.akvariumai\/","https:\/\/www.linkedin.com\/company\/koitik\/","https:\/\/www.youtube.com\/@koitik"]}]}},"_links":{"self":[{"href":"https:\/\/koitik.lt\/akvariumai\/wp-json\/wp\/v2\/product\/4505","targetHints":{"allow":["GET"]}}],"collection":[{"href":"https:\/\/koitik.lt\/akvariumai\/wp-json\/wp\/v2\/product"}],"about":[{"href":"https:\/\/koitik.lt\/akvariumai\/wp-json\/wp\/v2\/types\/product"}],"replies":[{"embeddable":true,"href":"https:\/\/koitik.lt\/akvariumai\/wp-json\/wp\/v2\/comments?post=4505"}],"wp:featuredmedia":[{"embeddable":true,"href":"https:\/\/koitik.lt\/akvariumai\/wp-json\/wp\/v2\/media\/4508"}],"wp:attachment":[{"href":"https:\/\/koitik.lt\/akvariumai\/wp-json\/wp\/v2\/media?parent=4505"}],"wp:term":[{"taxonomy":"product_brand","embeddable":true,"href":"https:\/\/koitik.lt\/akvariumai\/wp-json\/wp\/v2\/product_brand?post=4505"},{"taxonomy":"product_cat","embeddable":true,"href":"https:\/\/koitik.lt\/akvariumai\/wp-json\/wp\/v2\/product_cat?post=4505"},{"taxonomy":"product_tag","embeddable":true,"href":"https:\/\/koitik.lt\/akvariumai\/wp-json\/wp\/v2\/product_tag?post=4505"}],"curies":[{"name":"wp","href":"https:\/\/api.w.org\/{rel}","templated":true}]}}