{"id":4533,"date":"2025-09-30T13:41:58","date_gmt":"2025-09-30T13:41:58","guid":{"rendered":"https:\/\/koitik.lt\/akvariumai\/?post_type=product&#038;p=4533"},"modified":"2025-09-30T13:41:58","modified_gmt":"2025-09-30T13:41:58","slug":"zuvu-serykla-sf-aqua","status":"publish","type":"product","link":"https:\/\/koitik.lt\/akvariumai\/produktas\/zuvu-serykla-sf-aqua\/","title":{"rendered":"\u017duv\u0173 \u0161\u0117rykla SF Aqua"},"content":{"rendered":"","protected":false},"excerpt":{"rendered":"<p data-start=\"100\" data-end=\"338\"><strong data-start=\"100\" data-end=\"124\">\u017duv\u0173 \u0161\u0117rykla SF Aqua<\/strong>\u00a0\u2013 tai patikimas ir patogus sprendimas automati\u0161kai maitinti akvariumo \u017euvis. Laikrod\u017eio valdomas mechanizmas u\u017etikrina, kad j\u016bs\u0173 augintiniai gaut\u0173 tinkam\u0105 kiek\u012f maisto kiekvien\u0105 dien\u0105, net jei j\u016bs\u0173 n\u0117ra namuose.<\/p>\n<p data-start=\"340\" data-end=\"499\">\u0160\u0117rykla tinka tiek sausam granuliuotam, tiek dribsni\u0173 tipo pa\u0161arui. Kompakti\u0161kas dizainas leid\u017eia j\u0105 lengvai pritvirtinti prie akvariumo kra\u0161to arba dang\u010dio.<\/p>\n<h3 data-start=\"658\" data-end=\"684\">Pagrindin\u0117s savyb\u0117s:<\/h3>\n<ul data-start=\"710\" data-end=\"1110\">\n<li data-start=\"710\" data-end=\"805\">\n<p data-start=\"712\" data-end=\"805\"><strong>Automatinis maitinimas<\/strong> \u2013 nustatykite laik\u0105 ir \u017euvys bus pamaitintos kasdien tuo pa\u010diu metu.<\/p>\n<\/li>\n<li data-start=\"806\" data-end=\"876\">\n<p data-start=\"808\" data-end=\"876\"><strong>Tinka \u012fvairiems pa\u0161arams<\/strong> \u2013 dribsniams, granul\u0117ms ar mikropa\u0161arams.<\/p>\n<\/li>\n<li data-start=\"877\" data-end=\"948\">\n<p data-start=\"879\" data-end=\"948\"><strong>Patogus veikimas<\/strong> \u2013 veikia su baterijomis, nereikia papildom\u0173 laid\u0173.<\/p>\n<\/li>\n<li data-start=\"949\" data-end=\"1020\">\n<p data-start=\"951\" data-end=\"1020\"><strong>Lengvas valdymas<\/strong> \u2013 paprastas nustatymas, ai\u0161kus maitinimo grafikas.<\/p>\n<\/li>\n<li data-start=\"1021\" data-end=\"1110\">\n<p data-start=\"1023\" data-end=\"1110\"><strong>Kompakti\u0161kas ir patvarus korpusas<\/strong> \u2013 u\u017etikrina ilgalaik\u012f veikim\u0105 ir atsparum\u0105 dr\u0117gmei.<\/p>\n<\/li>\n<\/ul>\n","protected":false},"featured_media":4535,"comment_status":"open","ping_status":"closed","template":"","meta":{"_gspb_post_css":""},"product_brand":[375],"product_cat":[125],"product_tag":[],"class_list":{"0":"post-4533","1":"product","2":"type-product","3":"status-publish","4":"has-post-thumbnail","6":"product_brand-superfish","7":"product_cat-priedai","9":"first","10":"onbackorder","11":"taxable","12":"shipping-taxable","13":"purchasable","14":"product-type-simple"},"ct_brands":[{"id":375,"name":"SuperFish","slug":"superfish"}],"yoast_head":"<!-- This site is optimized with the Yoast SEO plugin v27.4 - https:\/\/yoast.com\/product\/yoast-seo-wordpress\/ -->\n<title>\u017duv\u0173 \u0161\u0117rykla SF Aqua - Akvariumai namams<\/title>\n<meta name=\"description\" content=\"\u017duv\u0173 \u0161\u0117rykla SF Aqua\u00a0\u2013 tai patikimas ir patogus sprendimas automati\u0161kai maitinti akvariumo \u017euvis, kad j\u016bs\u0173 augintiniai nuolatos gaut\u0173 tinkam\u0105 kiek\u012f maisto.\" \/>\n<meta name=\"robots\" content=\"index, follow, max-snippet:-1, max-image-preview:large, max-video-preview:-1\" \/>\n<link rel=\"canonical\" href=\"https:\/\/koitik.lt\/akvariumai\/produktas\/zuvu-serykla-sf-aqua\/\" \/>\n<meta property=\"og:locale\" content=\"lt_LT\" \/>\n<meta property=\"og:type\" content=\"article\" \/>\n<meta property=\"og:title\" content=\"\u017duv\u0173 \u0161\u0117rykla SF Aqua - Akvariumai namams\" \/>\n<meta property=\"og:description\" content=\"\u017duv\u0173 \u0161\u0117rykla SF Aqua\u00a0\u2013 tai patikimas ir patogus sprendimas automati\u0161kai maitinti akvariumo \u017euvis, kad j\u016bs\u0173 augintiniai nuolatos gaut\u0173 tinkam\u0105 kiek\u012f maisto.\" \/>\n<meta property=\"og:url\" content=\"https:\/\/koitik.lt\/akvariumai\/produktas\/zuvu-serykla-sf-aqua\/\" \/>\n<meta property=\"og:site_name\" content=\"Akvariumai namams\" \/>\n<meta property=\"article:publisher\" content=\"https:\/\/www.facebook.com\/koitik.akvariumai\" \/>\n<meta property=\"og:image\" content=\"https:\/\/koitik.lt\/akvariumai\/wp-content\/uploads\/2025\/09\/Zuvu-serykla-SF-Aqua.webp\" \/>\n\t<meta property=\"og:image:width\" content=\"1040\" \/>\n\t<meta property=\"og:image:height\" content=\"1040\" \/>\n\t<meta property=\"og:image:type\" content=\"image\/webp\" \/>\n<meta name=\"twitter:card\" content=\"summary_large_image\" \/>\n<meta name=\"twitter:label1\" content=\"Est. reading time\" \/>\n\t<meta name=\"twitter:data1\" content=\"1 minut\u0117\" \/>\n<script type=\"application\/ld+json\" class=\"yoast-schema-graph\">{\"@context\":\"https:\\\/\\\/schema.org\",\"@graph\":[{\"@type\":[\"WebPage\",\"ItemPage\"],\"@id\":\"https:\\\/\\\/koitik.lt\\\/akvariumai\\\/produktas\\\/zuvu-serykla-sf-aqua\\\/\",\"url\":\"https:\\\/\\\/koitik.lt\\\/akvariumai\\\/produktas\\\/zuvu-serykla-sf-aqua\\\/\",\"name\":\"\u017duv\u0173 \u0161\u0117rykla SF Aqua - Akvariumai namams\",\"isPartOf\":{\"@id\":\"https:\\\/\\\/koitik.lt\\\/akvariumai\\\/#website\"},\"primaryImageOfPage\":{\"@id\":\"https:\\\/\\\/koitik.lt\\\/akvariumai\\\/produktas\\\/zuvu-serykla-sf-aqua\\\/#primaryimage\"},\"image\":{\"@id\":\"https:\\\/\\\/koitik.lt\\\/akvariumai\\\/produktas\\\/zuvu-serykla-sf-aqua\\\/#primaryimage\"},\"thumbnailUrl\":\"https:\\\/\\\/koitik.lt\\\/akvariumai\\\/wp-content\\\/uploads\\\/2025\\\/09\\\/Zuvu-serykla-SF-Aqua.webp\",\"datePublished\":\"2025-09-30T13:41:58+00:00\",\"description\":\"\u017duv\u0173 \u0161\u0117rykla SF Aqua\u00a0\u2013 tai patikimas ir patogus sprendimas automati\u0161kai maitinti akvariumo \u017euvis, kad j\u016bs\u0173 augintiniai nuolatos gaut\u0173 tinkam\u0105 kiek\u012f maisto.\",\"breadcrumb\":{\"@id\":\"https:\\\/\\\/koitik.lt\\\/akvariumai\\\/produktas\\\/zuvu-serykla-sf-aqua\\\/#breadcrumb\"},\"inLanguage\":\"lt-LT\",\"potentialAction\":[{\"@type\":\"ReadAction\",\"target\":[\"https:\\\/\\\/koitik.lt\\\/akvariumai\\\/produktas\\\/zuvu-serykla-sf-aqua\\\/\"]}]},{\"@type\":\"ImageObject\",\"inLanguage\":\"lt-LT\",\"@id\":\"https:\\\/\\\/koitik.lt\\\/akvariumai\\\/produktas\\\/zuvu-serykla-sf-aqua\\\/#primaryimage\",\"url\":\"https:\\\/\\\/koitik.lt\\\/akvariumai\\\/wp-content\\\/uploads\\\/2025\\\/09\\\/Zuvu-serykla-SF-Aqua.webp\",\"contentUrl\":\"https:\\\/\\\/koitik.lt\\\/akvariumai\\\/wp-content\\\/uploads\\\/2025\\\/09\\\/Zuvu-serykla-SF-Aqua.webp\",\"width\":1040,\"height\":1040,\"caption\":\"\u017duv\u0173 \u0161\u0117rykla SF Aqua.\"},{\"@type\":\"BreadcrumbList\",\"@id\":\"https:\\\/\\\/koitik.lt\\\/akvariumai\\\/produktas\\\/zuvu-serykla-sf-aqua\\\/#breadcrumb\",\"itemListElement\":[{\"@type\":\"ListItem\",\"position\":1,\"name\":\"Namai\",\"item\":\"https:\\\/\\\/koitik.lt\\\/akvariumai\\\/\"},{\"@type\":\"ListItem\",\"position\":2,\"name\":\"Parduotuv\u0117\",\"item\":\"https:\\\/\\\/koitik.lt\\\/akvariumai\\\/parduotuve\\\/\"},{\"@type\":\"ListItem\",\"position\":3,\"name\":\"Priedai\",\"item\":\"https:\\\/\\\/koitik.lt\\\/akvariumai\\\/produkto-kategorija\\\/priedai\\\/\"},{\"@type\":\"ListItem\",\"position\":4,\"name\":\"\u017duv\u0173 \u0161\u0117rykla SF Aqua\"}]},{\"@type\":\"WebSite\",\"@id\":\"https:\\\/\\\/koitik.lt\\\/akvariumai\\\/#website\",\"url\":\"https:\\\/\\\/koitik.lt\\\/akvariumai\\\/\",\"name\":\"koitik\",\"description\":\"Akvariumai\",\"publisher\":{\"@id\":\"https:\\\/\\\/koitik.lt\\\/akvariumai\\\/#organization\"},\"potentialAction\":[{\"@type\":\"SearchAction\",\"target\":{\"@type\":\"EntryPoint\",\"urlTemplate\":\"https:\\\/\\\/koitik.lt\\\/akvariumai\\\/?s={search_term_string}\"},\"query-input\":{\"@type\":\"PropertyValueSpecification\",\"valueRequired\":true,\"valueName\":\"search_term_string\"}}],\"inLanguage\":\"lt-LT\"},{\"@type\":\"Organization\",\"@id\":\"https:\\\/\\\/koitik.lt\\\/akvariumai\\\/#organization\",\"name\":\"Akvariumai\",\"url\":\"https:\\\/\\\/koitik.lt\\\/akvariumai\\\/\",\"logo\":{\"@type\":\"ImageObject\",\"inLanguage\":\"lt-LT\",\"@id\":\"https:\\\/\\\/koitik.lt\\\/akvariumai\\\/#\\\/schema\\\/logo\\\/image\\\/\",\"url\":\"https:\\\/\\\/koitik.lt\\\/akvariumai\\\/wp-content\\\/uploads\\\/2024\\\/09\\\/logo-green.webp\",\"contentUrl\":\"https:\\\/\\\/koitik.lt\\\/akvariumai\\\/wp-content\\\/uploads\\\/2024\\\/09\\\/logo-green.webp\",\"width\":625,\"height\":625,\"caption\":\"Akvariumai\"},\"image\":{\"@id\":\"https:\\\/\\\/koitik.lt\\\/akvariumai\\\/#\\\/schema\\\/logo\\\/image\\\/\"},\"sameAs\":[\"https:\\\/\\\/www.facebook.com\\\/koitik.akvariumai\",\"https:\\\/\\\/www.instagram.com\\\/koitik.akvariumai\\\/\",\"https:\\\/\\\/www.linkedin.com\\\/company\\\/koitik\\\/\",\"https:\\\/\\\/www.youtube.com\\\/@koitik\"]}]}<\/script>\n<!-- \/ Yoast SEO plugin. -->","yoast_head_json":{"title":"\u017duv\u0173 \u0161\u0117rykla SF Aqua - Akvariumai namams","description":"\u017duv\u0173 \u0161\u0117rykla SF Aqua\u00a0\u2013 tai patikimas ir patogus sprendimas automati\u0161kai maitinti akvariumo \u017euvis, kad j\u016bs\u0173 augintiniai nuolatos gaut\u0173 tinkam\u0105 kiek\u012f maisto.","robots":{"index":"index","follow":"follow","max-snippet":"max-snippet:-1","max-image-preview":"max-image-preview:large","max-video-preview":"max-video-preview:-1"},"canonical":"https:\/\/koitik.lt\/akvariumai\/produktas\/zuvu-serykla-sf-aqua\/","og_locale":"lt_LT","og_type":"article","og_title":"\u017duv\u0173 \u0161\u0117rykla SF Aqua - Akvariumai namams","og_description":"\u017duv\u0173 \u0161\u0117rykla SF Aqua\u00a0\u2013 tai patikimas ir patogus sprendimas automati\u0161kai maitinti akvariumo \u017euvis, kad j\u016bs\u0173 augintiniai nuolatos gaut\u0173 tinkam\u0105 kiek\u012f maisto.","og_url":"https:\/\/koitik.lt\/akvariumai\/produktas\/zuvu-serykla-sf-aqua\/","og_site_name":"Akvariumai namams","article_publisher":"https:\/\/www.facebook.com\/koitik.akvariumai","og_image":[{"width":1040,"height":1040,"url":"https:\/\/koitik.lt\/akvariumai\/wp-content\/uploads\/2025\/09\/Zuvu-serykla-SF-Aqua.webp","type":"image\/webp"}],"twitter_card":"summary_large_image","twitter_misc":{"Est. reading time":"1 minut\u0117"},"schema":{"@context":"https:\/\/schema.org","@graph":[{"@type":["WebPage","ItemPage"],"@id":"https:\/\/koitik.lt\/akvariumai\/produktas\/zuvu-serykla-sf-aqua\/","url":"https:\/\/koitik.lt\/akvariumai\/produktas\/zuvu-serykla-sf-aqua\/","name":"\u017duv\u0173 \u0161\u0117rykla SF Aqua - Akvariumai namams","isPartOf":{"@id":"https:\/\/koitik.lt\/akvariumai\/#website"},"primaryImageOfPage":{"@id":"https:\/\/koitik.lt\/akvariumai\/produktas\/zuvu-serykla-sf-aqua\/#primaryimage"},"image":{"@id":"https:\/\/koitik.lt\/akvariumai\/produktas\/zuvu-serykla-sf-aqua\/#primaryimage"},"thumbnailUrl":"https:\/\/koitik.lt\/akvariumai\/wp-content\/uploads\/2025\/09\/Zuvu-serykla-SF-Aqua.webp","datePublished":"2025-09-30T13:41:58+00:00","description":"\u017duv\u0173 \u0161\u0117rykla SF Aqua\u00a0\u2013 tai patikimas ir patogus sprendimas automati\u0161kai maitinti akvariumo \u017euvis, kad j\u016bs\u0173 augintiniai nuolatos gaut\u0173 tinkam\u0105 kiek\u012f maisto.","breadcrumb":{"@id":"https:\/\/koitik.lt\/akvariumai\/produktas\/zuvu-serykla-sf-aqua\/#breadcrumb"},"inLanguage":"lt-LT","potentialAction":[{"@type":"ReadAction","target":["https:\/\/koitik.lt\/akvariumai\/produktas\/zuvu-serykla-sf-aqua\/"]}]},{"@type":"ImageObject","inLanguage":"lt-LT","@id":"https:\/\/koitik.lt\/akvariumai\/produktas\/zuvu-serykla-sf-aqua\/#primaryimage","url":"https:\/\/koitik.lt\/akvariumai\/wp-content\/uploads\/2025\/09\/Zuvu-serykla-SF-Aqua.webp","contentUrl":"https:\/\/koitik.lt\/akvariumai\/wp-content\/uploads\/2025\/09\/Zuvu-serykla-SF-Aqua.webp","width":1040,"height":1040,"caption":"\u017duv\u0173 \u0161\u0117rykla SF Aqua."},{"@type":"BreadcrumbList","@id":"https:\/\/koitik.lt\/akvariumai\/produktas\/zuvu-serykla-sf-aqua\/#breadcrumb","itemListElement":[{"@type":"ListItem","position":1,"name":"Namai","item":"https:\/\/koitik.lt\/akvariumai\/"},{"@type":"ListItem","position":2,"name":"Parduotuv\u0117","item":"https:\/\/koitik.lt\/akvariumai\/parduotuve\/"},{"@type":"ListItem","position":3,"name":"Priedai","item":"https:\/\/koitik.lt\/akvariumai\/produkto-kategorija\/priedai\/"},{"@type":"ListItem","position":4,"name":"\u017duv\u0173 \u0161\u0117rykla SF Aqua"}]},{"@type":"WebSite","@id":"https:\/\/koitik.lt\/akvariumai\/#website","url":"https:\/\/koitik.lt\/akvariumai\/","name":"koitik","description":"Akvariumai","publisher":{"@id":"https:\/\/koitik.lt\/akvariumai\/#organization"},"potentialAction":[{"@type":"SearchAction","target":{"@type":"EntryPoint","urlTemplate":"https:\/\/koitik.lt\/akvariumai\/?s={search_term_string}"},"query-input":{"@type":"PropertyValueSpecification","valueRequired":true,"valueName":"search_term_string"}}],"inLanguage":"lt-LT"},{"@type":"Organization","@id":"https:\/\/koitik.lt\/akvariumai\/#organization","name":"Akvariumai","url":"https:\/\/koitik.lt\/akvariumai\/","logo":{"@type":"ImageObject","inLanguage":"lt-LT","@id":"https:\/\/koitik.lt\/akvariumai\/#\/schema\/logo\/image\/","url":"https:\/\/koitik.lt\/akvariumai\/wp-content\/uploads\/2024\/09\/logo-green.webp","contentUrl":"https:\/\/koitik.lt\/akvariumai\/wp-content\/uploads\/2024\/09\/logo-green.webp","width":625,"height":625,"caption":"Akvariumai"},"image":{"@id":"https:\/\/koitik.lt\/akvariumai\/#\/schema\/logo\/image\/"},"sameAs":["https:\/\/www.facebook.com\/koitik.akvariumai","https:\/\/www.instagram.com\/koitik.akvariumai\/","https:\/\/www.linkedin.com\/company\/koitik\/","https:\/\/www.youtube.com\/@koitik"]}]}},"_links":{"self":[{"href":"https:\/\/koitik.lt\/akvariumai\/wp-json\/wp\/v2\/product\/4533","targetHints":{"allow":["GET"]}}],"collection":[{"href":"https:\/\/koitik.lt\/akvariumai\/wp-json\/wp\/v2\/product"}],"about":[{"href":"https:\/\/koitik.lt\/akvariumai\/wp-json\/wp\/v2\/types\/product"}],"replies":[{"embeddable":true,"href":"https:\/\/koitik.lt\/akvariumai\/wp-json\/wp\/v2\/comments?post=4533"}],"wp:featuredmedia":[{"embeddable":true,"href":"https:\/\/koitik.lt\/akvariumai\/wp-json\/wp\/v2\/media\/4535"}],"wp:attachment":[{"href":"https:\/\/koitik.lt\/akvariumai\/wp-json\/wp\/v2\/media?parent=4533"}],"wp:term":[{"taxonomy":"product_brand","embeddable":true,"href":"https:\/\/koitik.lt\/akvariumai\/wp-json\/wp\/v2\/product_brand?post=4533"},{"taxonomy":"product_cat","embeddable":true,"href":"https:\/\/koitik.lt\/akvariumai\/wp-json\/wp\/v2\/product_cat?post=4533"},{"taxonomy":"product_tag","embeddable":true,"href":"https:\/\/koitik.lt\/akvariumai\/wp-json\/wp\/v2\/product_tag?post=4533"}],"curies":[{"name":"wp","href":"https:\/\/api.w.org\/{rel}","templated":true}]}}