{"id":4540,"date":"2025-10-02T12:15:08","date_gmt":"2025-10-02T12:15:08","guid":{"rendered":"https:\/\/koitik.lt\/akvariumai\/?post_type=product&#038;p=4540"},"modified":"2025-10-03T08:10:36","modified_gmt":"2025-10-03T08:10:36","slug":"isorinis-akvariumo-filtras-oase-biomaster%c2%b2-250","status":"publish","type":"product","link":"https:\/\/koitik.lt\/akvariumai\/produktas\/isorinis-akvariumo-filtras-oase-biomaster%c2%b2-250\/","title":{"rendered":"I\u0161orinis akvariumo filtras Oase BioMaster\u00b2 250"},"content":{"rendered":"","protected":false},"excerpt":{"rendered":"<p><strong>I\u0161orinis akvariumo filtras Oase BioMaster\u00b2 250<\/strong> &#8211; tai naujos kartos i\u0161oriniai filtras, sukurtas u\u017etikrinti kri\u0161tolo skaidrumo vanden\u012f ir patikim\u0105 biologin\u012f filtravim\u0105. Jis i\u0161siskiria energiniu efektyvumu, tyliu veikimu bei inovatyviais sprendimais, kurie palengvina akvariumo prie\u017ei\u016br\u0105.<\/p>\n<p data-start=\"427\" data-end=\"679\">Integruota <strong data-start=\"438\" data-end=\"464\">pre-filtravimo sistema<\/strong> leid\u017eia i\u0161laikyti pagrindin\u012f filtr\u0105 \u0161var\u0173 ilgesn\u012f laik\u0105, o patogus korpusas u\u017etikrina lengv\u0105 prie\u017ei\u016br\u0105 ir paprast\u0105 valym\u0105. <strong data-start=\"595\" data-end=\"609\">BioMaster\u00b2<\/strong> serija puikiai tinka tiek g\u0117lavandeniams, tiek j\u016briniams akvariumams.<\/p>\n<h3 data-start=\"686\" data-end=\"706\">Produkto savyb\u0117s<\/h3>\n<ul data-start=\"707\" data-end=\"1306\">\n<li data-start=\"707\" data-end=\"823\">\n<p data-start=\"709\" data-end=\"823\"><strong data-start=\"709\" data-end=\"744\">Efektyvi keliapakop\u0117 filtracija<\/strong> \u2013 mechaninis, biologinis ir cheminis vandens valymas maksimaliam skaidrumui.<\/p>\n<\/li>\n<li data-start=\"824\" data-end=\"912\">\n<p data-start=\"826\" data-end=\"912\"><strong data-start=\"826\" data-end=\"852\">Pre-filtravimo modulis<\/strong> \u2013 galima greitai i\u0161imti ir i\u0161valyti neardant viso filtro.<\/p>\n<\/li>\n<li data-start=\"913\" data-end=\"1015\">\n<p data-start=\"915\" data-end=\"1015\"><strong data-start=\"915\" data-end=\"933\">Tylus veikimas<\/strong> \u2013 moderni variklio konstrukcija ir gumin\u0117s atramos u\u017etikrina minimal\u0173 triuk\u0161m\u0105.<\/p>\n<\/li>\n<li data-start=\"1016\" data-end=\"1107\">\n<p data-start=\"1018\" data-end=\"1107\"><strong data-start=\"1018\" data-end=\"1039\">EasyClean sistema<\/strong> \u2013 lengvai pri\u017ei\u016brimas dizainas greitam filtravimo blok\u0173 keitimui.<\/p>\n<\/li>\n<li data-start=\"1108\" data-end=\"1192\">\n<p data-start=\"1110\" data-end=\"1192\"><strong data-start=\"1110\" data-end=\"1135\">Reguliuojamas srautas<\/strong> \u2013 nustatyti cirkuliacijos intensyvum\u0105 galima pagal akvariumo dyd\u012f bei \u017euv\u0173 kiek\u012f.<\/p>\n<\/li>\n<li data-start=\"1193\" data-end=\"1306\">\n<p data-start=\"1195\" data-end=\"1306\"><strong data-start=\"1195\" data-end=\"1245\">Tinka \u0161ildytuvo integracijai (Thermo modeliai)<\/strong> \u2013 pasl\u0117ptas \u0161ildytuvas suteikia estetikos.<\/p>\n<\/li>\n<\/ul>\n<h3 data-start=\"1313\" data-end=\"1336\">Produkto privalumai<\/h3>\n<ul data-start=\"1337\" data-end=\"1640\">\n<li data-start=\"1337\" data-end=\"1399\">\n<p data-start=\"1339\" data-end=\"1399\">Puikiai tinka <strong data-start=\"1353\" data-end=\"1396\">vidutinio ir didelio dyd\u017eio akvariumams<\/strong>.<\/p>\n<\/li>\n<li data-start=\"1400\" data-end=\"1470\">\n<p data-start=\"1402\" data-end=\"1470\">U\u017etikrina <strong data-start=\"1412\" data-end=\"1441\">stabil\u0173 biologin\u012f balans\u0105<\/strong> ir ger\u0105 vandens kokyb\u0119.<\/p>\n<\/li>\n<li data-start=\"1471\" data-end=\"1525\">\n<p data-start=\"1473\" data-end=\"1525\">Ma\u017eiau prie\u017ei\u016bros d\u0117l <strong data-start=\"1495\" data-end=\"1522\">pre-filtravimo sistemos<\/strong>.<\/p>\n<\/li>\n<li data-start=\"1526\" data-end=\"1573\">\n<p data-start=\"1528\" data-end=\"1573\">Ilgaam\u017e\u0117 ir patikima <strong data-start=\"1549\" data-end=\"1557\">OASE<\/strong> voki\u0161ka konstrukcija.<\/p>\n<\/li>\n<li data-start=\"1574\" data-end=\"1640\">\n<p data-start=\"1576\" data-end=\"1640\">Suderinamas su <strong data-start=\"1591\" data-end=\"1618\">OASE HeatUp \u0161ildytuvais<\/strong> ir kitais priedais.<\/p>\n<\/li>\n<\/ul>\n","protected":false},"featured_media":4541,"comment_status":"open","ping_status":"closed","template":"","meta":{"_gspb_post_css":""},"product_brand":[149],"product_cat":[394],"product_tag":[442],"class_list":{"0":"post-4540","1":"product","2":"type-product","3":"status-publish","4":"has-post-thumbnail","6":"product_brand-oase","7":"product_cat-akvariumo-filtrai","8":"product_tag-biomaster","9":"product_shipping_class-telpa","11":"first","12":"onbackorder","13":"taxable","14":"shipping-taxable","15":"purchasable","16":"product-type-simple"},"ct_brands":[{"id":149,"name":"OASE","slug":"oase"}],"yoast_head":"<!-- This site is optimized with the Yoast SEO plugin v27.4 - https:\/\/yoast.com\/product\/yoast-seo-wordpress\/ -->\n<title>I\u0161orinis akvariumo filtras Oase BioMaster\u00b2 250 - Akvariumai namams<\/title>\n<meta name=\"description\" content=\"I\u0161orinis akvariumo filtras Oase BioMaster\u00b2 250 - tai naujos kartos i\u0161oriniai filtras, sukurtas u\u017etikrinti kri\u0161tolo skaidrumo vanden\u012f.\" \/>\n<meta name=\"robots\" content=\"index, follow, max-snippet:-1, max-image-preview:large, max-video-preview:-1\" \/>\n<link rel=\"canonical\" href=\"https:\/\/koitik.lt\/akvariumai\/produktas\/isorinis-akvariumo-filtras-oase-biomaster\u00b2-250\/\" \/>\n<meta property=\"og:locale\" content=\"lt_LT\" \/>\n<meta property=\"og:type\" content=\"article\" \/>\n<meta property=\"og:title\" content=\"I\u0161orinis akvariumo filtras Oase BioMaster\u00b2 250\" \/>\n<meta property=\"og:description\" content=\"I\u0161orinis akvariumo filtras Oase BioMaster\u00b2 250 - tai naujos kartos i\u0161oriniai filtras, sukurtas u\u017etikrinti kri\u0161tolo skaidrumo vanden\u012f.\" \/>\n<meta property=\"og:url\" content=\"https:\/\/koitik.lt\/akvariumai\/produktas\/isorinis-akvariumo-filtras-oase-biomaster\u00b2-250\/\" \/>\n<meta property=\"og:site_name\" content=\"Akvariumai namams\" \/>\n<meta property=\"article:publisher\" content=\"https:\/\/www.facebook.com\/koitik.akvariumai\" \/>\n<meta property=\"article:modified_time\" content=\"2025-10-03T08:10:36+00:00\" \/>\n<meta property=\"og:image\" content=\"https:\/\/koitik.lt\/akvariumai\/wp-content\/uploads\/2025\/10\/Isorinis-akvariumo-filtras-Oase-BioMaster\u00b2.webp\" \/>\n\t<meta property=\"og:image:width\" content=\"1600\" \/>\n\t<meta property=\"og:image:height\" content=\"960\" \/>\n\t<meta property=\"og:image:type\" content=\"image\/webp\" \/>\n<meta name=\"twitter:card\" content=\"summary_large_image\" \/>\n<meta name=\"twitter:label1\" content=\"Est. reading time\" \/>\n\t<meta name=\"twitter:data1\" content=\"1 minut\u0117\" \/>\n<script type=\"application\/ld+json\" class=\"yoast-schema-graph\">{\"@context\":\"https:\\\/\\\/schema.org\",\"@graph\":[{\"@type\":[\"WebPage\",\"ItemPage\"],\"@id\":\"https:\\\/\\\/koitik.lt\\\/akvariumai\\\/produktas\\\/isorinis-akvariumo-filtras-oase-biomaster%c2%b2-250\\\/\",\"url\":\"https:\\\/\\\/koitik.lt\\\/akvariumai\\\/produktas\\\/isorinis-akvariumo-filtras-oase-biomaster%c2%b2-250\\\/\",\"name\":\"I\u0161orinis akvariumo filtras Oase BioMaster\u00b2 250 - Akvariumai namams\",\"isPartOf\":{\"@id\":\"https:\\\/\\\/koitik.lt\\\/akvariumai\\\/#website\"},\"primaryImageOfPage\":{\"@id\":\"https:\\\/\\\/koitik.lt\\\/akvariumai\\\/produktas\\\/isorinis-akvariumo-filtras-oase-biomaster%c2%b2-250\\\/#primaryimage\"},\"image\":{\"@id\":\"https:\\\/\\\/koitik.lt\\\/akvariumai\\\/produktas\\\/isorinis-akvariumo-filtras-oase-biomaster%c2%b2-250\\\/#primaryimage\"},\"thumbnailUrl\":\"https:\\\/\\\/koitik.lt\\\/akvariumai\\\/wp-content\\\/uploads\\\/2025\\\/10\\\/Isorinis-akvariumo-filtras-Oase-BioMaster\u00b2-250.webp\",\"datePublished\":\"2025-10-02T12:15:08+00:00\",\"dateModified\":\"2025-10-03T08:10:36+00:00\",\"description\":\"I\u0161orinis akvariumo filtras Oase BioMaster\u00b2 250 - tai naujos kartos i\u0161oriniai filtras, sukurtas u\u017etikrinti kri\u0161tolo skaidrumo vanden\u012f.\",\"breadcrumb\":{\"@id\":\"https:\\\/\\\/koitik.lt\\\/akvariumai\\\/produktas\\\/isorinis-akvariumo-filtras-oase-biomaster%c2%b2-250\\\/#breadcrumb\"},\"inLanguage\":\"lt-LT\",\"potentialAction\":[{\"@type\":\"ReadAction\",\"target\":[\"https:\\\/\\\/koitik.lt\\\/akvariumai\\\/produktas\\\/isorinis-akvariumo-filtras-oase-biomaster%c2%b2-250\\\/\"]}]},{\"@type\":\"ImageObject\",\"inLanguage\":\"lt-LT\",\"@id\":\"https:\\\/\\\/koitik.lt\\\/akvariumai\\\/produktas\\\/isorinis-akvariumo-filtras-oase-biomaster%c2%b2-250\\\/#primaryimage\",\"url\":\"https:\\\/\\\/koitik.lt\\\/akvariumai\\\/wp-content\\\/uploads\\\/2025\\\/10\\\/Isorinis-akvariumo-filtras-Oase-BioMaster\u00b2-250.webp\",\"contentUrl\":\"https:\\\/\\\/koitik.lt\\\/akvariumai\\\/wp-content\\\/uploads\\\/2025\\\/10\\\/Isorinis-akvariumo-filtras-Oase-BioMaster\u00b2-250.webp\",\"width\":960,\"height\":960,\"caption\":\"I\u0161orinis akvariumo filtras Oase BioMaster\u00b2 250.\"},{\"@type\":\"BreadcrumbList\",\"@id\":\"https:\\\/\\\/koitik.lt\\\/akvariumai\\\/produktas\\\/isorinis-akvariumo-filtras-oase-biomaster%c2%b2-250\\\/#breadcrumb\",\"itemListElement\":[{\"@type\":\"ListItem\",\"position\":1,\"name\":\"Namai\",\"item\":\"https:\\\/\\\/koitik.lt\\\/akvariumai\\\/\"},{\"@type\":\"ListItem\",\"position\":2,\"name\":\"Parduotuv\u0117\",\"item\":\"https:\\\/\\\/koitik.lt\\\/akvariumai\\\/parduotuve\\\/\"},{\"@type\":\"ListItem\",\"position\":3,\"name\":\"Akvariumo filtrai\",\"item\":\"https:\\\/\\\/koitik.lt\\\/akvariumai\\\/produkto-kategorija\\\/akvariumo-filtrai\\\/\"},{\"@type\":\"ListItem\",\"position\":4,\"name\":\"I\u0161orinis akvariumo filtras Oase BioMaster\u00b2 250\"}]},{\"@type\":\"WebSite\",\"@id\":\"https:\\\/\\\/koitik.lt\\\/akvariumai\\\/#website\",\"url\":\"https:\\\/\\\/koitik.lt\\\/akvariumai\\\/\",\"name\":\"koitik\",\"description\":\"Akvariumai\",\"publisher\":{\"@id\":\"https:\\\/\\\/koitik.lt\\\/akvariumai\\\/#organization\"},\"potentialAction\":[{\"@type\":\"SearchAction\",\"target\":{\"@type\":\"EntryPoint\",\"urlTemplate\":\"https:\\\/\\\/koitik.lt\\\/akvariumai\\\/?s={search_term_string}\"},\"query-input\":{\"@type\":\"PropertyValueSpecification\",\"valueRequired\":true,\"valueName\":\"search_term_string\"}}],\"inLanguage\":\"lt-LT\"},{\"@type\":\"Organization\",\"@id\":\"https:\\\/\\\/koitik.lt\\\/akvariumai\\\/#organization\",\"name\":\"Akvariumai\",\"url\":\"https:\\\/\\\/koitik.lt\\\/akvariumai\\\/\",\"logo\":{\"@type\":\"ImageObject\",\"inLanguage\":\"lt-LT\",\"@id\":\"https:\\\/\\\/koitik.lt\\\/akvariumai\\\/#\\\/schema\\\/logo\\\/image\\\/\",\"url\":\"https:\\\/\\\/koitik.lt\\\/akvariumai\\\/wp-content\\\/uploads\\\/2024\\\/09\\\/logo-green.webp\",\"contentUrl\":\"https:\\\/\\\/koitik.lt\\\/akvariumai\\\/wp-content\\\/uploads\\\/2024\\\/09\\\/logo-green.webp\",\"width\":625,\"height\":625,\"caption\":\"Akvariumai\"},\"image\":{\"@id\":\"https:\\\/\\\/koitik.lt\\\/akvariumai\\\/#\\\/schema\\\/logo\\\/image\\\/\"},\"sameAs\":[\"https:\\\/\\\/www.facebook.com\\\/koitik.akvariumai\",\"https:\\\/\\\/www.instagram.com\\\/koitik.akvariumai\\\/\",\"https:\\\/\\\/www.linkedin.com\\\/company\\\/koitik\\\/\",\"https:\\\/\\\/www.youtube.com\\\/@koitik\"]}]}<\/script>\n<!-- \/ Yoast SEO plugin. -->","yoast_head_json":{"title":"I\u0161orinis akvariumo filtras Oase BioMaster\u00b2 250 - Akvariumai namams","description":"I\u0161orinis akvariumo filtras Oase BioMaster\u00b2 250 - tai naujos kartos i\u0161oriniai filtras, sukurtas u\u017etikrinti kri\u0161tolo skaidrumo vanden\u012f.","robots":{"index":"index","follow":"follow","max-snippet":"max-snippet:-1","max-image-preview":"max-image-preview:large","max-video-preview":"max-video-preview:-1"},"canonical":"https:\/\/koitik.lt\/akvariumai\/produktas\/isorinis-akvariumo-filtras-oase-biomaster\u00b2-250\/","og_locale":"lt_LT","og_type":"article","og_title":"I\u0161orinis akvariumo filtras Oase BioMaster\u00b2 250","og_description":"I\u0161orinis akvariumo filtras Oase BioMaster\u00b2 250 - tai naujos kartos i\u0161oriniai filtras, sukurtas u\u017etikrinti kri\u0161tolo skaidrumo vanden\u012f.","og_url":"https:\/\/koitik.lt\/akvariumai\/produktas\/isorinis-akvariumo-filtras-oase-biomaster\u00b2-250\/","og_site_name":"Akvariumai namams","article_publisher":"https:\/\/www.facebook.com\/koitik.akvariumai","article_modified_time":"2025-10-03T08:10:36+00:00","og_image":[{"width":1600,"height":960,"url":"https:\/\/koitik.lt\/akvariumai\/wp-content\/uploads\/2025\/10\/Isorinis-akvariumo-filtras-Oase-BioMaster\u00b2.webp","type":"image\/webp"}],"twitter_card":"summary_large_image","twitter_misc":{"Est. reading time":"1 minut\u0117"},"schema":{"@context":"https:\/\/schema.org","@graph":[{"@type":["WebPage","ItemPage"],"@id":"https:\/\/koitik.lt\/akvariumai\/produktas\/isorinis-akvariumo-filtras-oase-biomaster%c2%b2-250\/","url":"https:\/\/koitik.lt\/akvariumai\/produktas\/isorinis-akvariumo-filtras-oase-biomaster%c2%b2-250\/","name":"I\u0161orinis akvariumo filtras Oase BioMaster\u00b2 250 - Akvariumai namams","isPartOf":{"@id":"https:\/\/koitik.lt\/akvariumai\/#website"},"primaryImageOfPage":{"@id":"https:\/\/koitik.lt\/akvariumai\/produktas\/isorinis-akvariumo-filtras-oase-biomaster%c2%b2-250\/#primaryimage"},"image":{"@id":"https:\/\/koitik.lt\/akvariumai\/produktas\/isorinis-akvariumo-filtras-oase-biomaster%c2%b2-250\/#primaryimage"},"thumbnailUrl":"https:\/\/koitik.lt\/akvariumai\/wp-content\/uploads\/2025\/10\/Isorinis-akvariumo-filtras-Oase-BioMaster\u00b2-250.webp","datePublished":"2025-10-02T12:15:08+00:00","dateModified":"2025-10-03T08:10:36+00:00","description":"I\u0161orinis akvariumo filtras Oase BioMaster\u00b2 250 - tai naujos kartos i\u0161oriniai filtras, sukurtas u\u017etikrinti kri\u0161tolo skaidrumo vanden\u012f.","breadcrumb":{"@id":"https:\/\/koitik.lt\/akvariumai\/produktas\/isorinis-akvariumo-filtras-oase-biomaster%c2%b2-250\/#breadcrumb"},"inLanguage":"lt-LT","potentialAction":[{"@type":"ReadAction","target":["https:\/\/koitik.lt\/akvariumai\/produktas\/isorinis-akvariumo-filtras-oase-biomaster%c2%b2-250\/"]}]},{"@type":"ImageObject","inLanguage":"lt-LT","@id":"https:\/\/koitik.lt\/akvariumai\/produktas\/isorinis-akvariumo-filtras-oase-biomaster%c2%b2-250\/#primaryimage","url":"https:\/\/koitik.lt\/akvariumai\/wp-content\/uploads\/2025\/10\/Isorinis-akvariumo-filtras-Oase-BioMaster\u00b2-250.webp","contentUrl":"https:\/\/koitik.lt\/akvariumai\/wp-content\/uploads\/2025\/10\/Isorinis-akvariumo-filtras-Oase-BioMaster\u00b2-250.webp","width":960,"height":960,"caption":"I\u0161orinis akvariumo filtras Oase BioMaster\u00b2 250."},{"@type":"BreadcrumbList","@id":"https:\/\/koitik.lt\/akvariumai\/produktas\/isorinis-akvariumo-filtras-oase-biomaster%c2%b2-250\/#breadcrumb","itemListElement":[{"@type":"ListItem","position":1,"name":"Namai","item":"https:\/\/koitik.lt\/akvariumai\/"},{"@type":"ListItem","position":2,"name":"Parduotuv\u0117","item":"https:\/\/koitik.lt\/akvariumai\/parduotuve\/"},{"@type":"ListItem","position":3,"name":"Akvariumo filtrai","item":"https:\/\/koitik.lt\/akvariumai\/produkto-kategorija\/akvariumo-filtrai\/"},{"@type":"ListItem","position":4,"name":"I\u0161orinis akvariumo filtras Oase BioMaster\u00b2 250"}]},{"@type":"WebSite","@id":"https:\/\/koitik.lt\/akvariumai\/#website","url":"https:\/\/koitik.lt\/akvariumai\/","name":"koitik","description":"Akvariumai","publisher":{"@id":"https:\/\/koitik.lt\/akvariumai\/#organization"},"potentialAction":[{"@type":"SearchAction","target":{"@type":"EntryPoint","urlTemplate":"https:\/\/koitik.lt\/akvariumai\/?s={search_term_string}"},"query-input":{"@type":"PropertyValueSpecification","valueRequired":true,"valueName":"search_term_string"}}],"inLanguage":"lt-LT"},{"@type":"Organization","@id":"https:\/\/koitik.lt\/akvariumai\/#organization","name":"Akvariumai","url":"https:\/\/koitik.lt\/akvariumai\/","logo":{"@type":"ImageObject","inLanguage":"lt-LT","@id":"https:\/\/koitik.lt\/akvariumai\/#\/schema\/logo\/image\/","url":"https:\/\/koitik.lt\/akvariumai\/wp-content\/uploads\/2024\/09\/logo-green.webp","contentUrl":"https:\/\/koitik.lt\/akvariumai\/wp-content\/uploads\/2024\/09\/logo-green.webp","width":625,"height":625,"caption":"Akvariumai"},"image":{"@id":"https:\/\/koitik.lt\/akvariumai\/#\/schema\/logo\/image\/"},"sameAs":["https:\/\/www.facebook.com\/koitik.akvariumai","https:\/\/www.instagram.com\/koitik.akvariumai\/","https:\/\/www.linkedin.com\/company\/koitik\/","https:\/\/www.youtube.com\/@koitik"]}]}},"_links":{"self":[{"href":"https:\/\/koitik.lt\/akvariumai\/wp-json\/wp\/v2\/product\/4540","targetHints":{"allow":["GET"]}}],"collection":[{"href":"https:\/\/koitik.lt\/akvariumai\/wp-json\/wp\/v2\/product"}],"about":[{"href":"https:\/\/koitik.lt\/akvariumai\/wp-json\/wp\/v2\/types\/product"}],"replies":[{"embeddable":true,"href":"https:\/\/koitik.lt\/akvariumai\/wp-json\/wp\/v2\/comments?post=4540"}],"wp:featuredmedia":[{"embeddable":true,"href":"https:\/\/koitik.lt\/akvariumai\/wp-json\/wp\/v2\/media\/4541"}],"wp:attachment":[{"href":"https:\/\/koitik.lt\/akvariumai\/wp-json\/wp\/v2\/media?parent=4540"}],"wp:term":[{"taxonomy":"product_brand","embeddable":true,"href":"https:\/\/koitik.lt\/akvariumai\/wp-json\/wp\/v2\/product_brand?post=4540"},{"taxonomy":"product_cat","embeddable":true,"href":"https:\/\/koitik.lt\/akvariumai\/wp-json\/wp\/v2\/product_cat?post=4540"},{"taxonomy":"product_tag","embeddable":true,"href":"https:\/\/koitik.lt\/akvariumai\/wp-json\/wp\/v2\/product_tag?post=4540"}],"curies":[{"name":"wp","href":"https:\/\/api.w.org\/{rel}","templated":true}]}}